{"id":5,"date":"2015-03-19T10:49:55","date_gmt":"2015-03-19T10:49:55","guid":{"rendered":"http:\/\/demo.mikado-themes.com\/onyx22\/?page_id=5"},"modified":"2026-04-23T08:26:31","modified_gmt":"2026-04-23T08:26:31","slug":"home","status":"publish","type":"page","link":"http:\/\/esportsmagics.com\/estiu\/","title":{"rendered":"Inici"},"content":{"rendered":"<div      class=\"vc_row wpb_row section vc_row-fluid\" style=' padding-top:54px; padding-bottom:20px; text-align:left;'><div class=\" full_section_inner clearfix\"><div class=\"wpb_column vc_column_container vc_col-sm-4\"><div class=\"wpb_wrapper\">\n\t<div class=\"wpb_single_image wpb_content_element vc_align_left\">\n\t\t<div class=\"wpb_wrapper\">\n\t\t\t\n\t\t\t<div class=\"vc_single_image-wrapper   vc_box_border_grey\"><img width=\"356\" height=\"233\" src=\"http:\/\/esportsmagics.com\/estiu\/wp-content\/uploads\/2015\/03\/noti2.jpg\" class=\"vc_single_image-img attachment-full\" alt=\"\" decoding=\"async\" loading=\"lazy\" srcset=\"http:\/\/esportsmagics.com\/estiu\/wp-content\/uploads\/2015\/03\/noti2.jpg 356w, http:\/\/esportsmagics.com\/estiu\/wp-content\/uploads\/2015\/03\/noti2-300x196.jpg 300w\" sizes=\"(max-width: 356px) 100vw, 356px\" \/><\/div>\n\t\t<\/div>\n\t<\/div>\n<div class=\"separator  transparent   \" style=\"margin-top:22px;margin-bottom:0px\"><\/div>\n\n\t<div class=\"wpb_text_column wpb_content_element \">\n\t\t<div class=\"wpb_wrapper\">\n\t\t\t<h5><b>La millor alternativa per no passar calor<\/b><\/h5>\n\n\t\t<\/div> \n\t<\/div> <div class=\"separator  transparent   \" style=\"margin-top:8px;margin-bottom:0px\"><\/div>\n\n\t<div class=\"wpb_text_column wpb_content_element \">\n\t\t<div class=\"wpb_wrapper\">\n\t\t\t<div>\n<div>Una de les sortides per a refrescar-se m\u00e9s \u00e9s anar al WATERWOLD i AQUADIVER; on els vostres fills gaudiran de les atraccions aq\u00fc\u00e0tiques entre els amics!!<\/div>\n<\/div>\n\n\t\t<\/div> \n\t<\/div> <div class=\"separator  transparent   \" style=\"margin-top:30px;margin-bottom:0px\"><\/div>\n<\/div><\/div><div class=\"wpb_column vc_column_container vc_col-sm-4\"><div class=\"wpb_wrapper\">\n\t<div class=\"wpb_single_image wpb_content_element vc_align_left\">\n\t\t<div class=\"wpb_wrapper\">\n\t\t\t\n\t\t\t<div class=\"vc_single_image-wrapper   vc_box_border_grey\"><img width=\"356\" height=\"233\" src=\"http:\/\/esportsmagics.com\/estiu\/wp-content\/uploads\/2015\/03\/portada2-1-1.jpg\" class=\"vc_single_image-img attachment-full\" alt=\"\" decoding=\"async\" loading=\"lazy\" srcset=\"http:\/\/esportsmagics.com\/estiu\/wp-content\/uploads\/2015\/03\/portada2-1-1.jpg 356w, http:\/\/esportsmagics.com\/estiu\/wp-content\/uploads\/2015\/03\/portada2-1-1-300x196.jpg 300w\" sizes=\"(max-width: 356px) 100vw, 356px\" \/><\/div>\n\t\t<\/div>\n\t<\/div>\n<div class=\"separator  transparent   \" style=\"margin-top:22px;margin-bottom:0px\"><\/div>\n\n\t<div class=\"wpb_text_column wpb_content_element \">\n\t\t<div class=\"wpb_wrapper\">\n\t\t\t<h5><b>Acampada final<\/b><\/h5>\n\n\t\t<\/div> \n\t<\/div> <div class=\"separator  transparent   \" style=\"margin-top:8px;margin-bottom:0px\"><\/div>\n\n\t<div class=\"wpb_text_column wpb_content_element \">\n\t\t<div class=\"wpb_wrapper\">\n\t\t\t<p>La festa m\u00e9s esperada, la gran acampada!! Moltes activitats ens esperen aquell dia: inflables, tobogans, festa de l&#8217;espuma, entre moltes altres. Tothom l&#8217;espera!!<\/p>\n\n\t\t<\/div> \n\t<\/div> <div class=\"separator  transparent   \" style=\"margin-top:30px;margin-bottom:0px\"><\/div>\n<\/div><\/div><div class=\"wpb_column vc_column_container vc_col-sm-4\"><div class=\"wpb_wrapper\">\n\t<div class=\"wpb_single_image wpb_content_element vc_align_left\">\n\t\t<div class=\"wpb_wrapper\">\n\t\t\t\n\t\t\t<div class=\"vc_single_image-wrapper   vc_box_border_grey\"><img width=\"356\" height=\"233\" src=\"http:\/\/esportsmagics.com\/estiu\/wp-content\/uploads\/2015\/03\/portada3-1.jpg\" class=\"vc_single_image-img attachment-full\" alt=\"\" decoding=\"async\" loading=\"lazy\" srcset=\"http:\/\/esportsmagics.com\/estiu\/wp-content\/uploads\/2015\/03\/portada3-1.jpg 356w, http:\/\/esportsmagics.com\/estiu\/wp-content\/uploads\/2015\/03\/portada3-1-300x196.jpg 300w\" sizes=\"(max-width: 356px) 100vw, 356px\" \/><\/div>\n\t\t<\/div>\n\t<\/div>\n<div class=\"separator  transparent   \" style=\"margin-top:22px;margin-bottom:0px\"><\/div>\n\n\t<div class=\"wpb_text_column wpb_content_element \">\n\t\t<div class=\"wpb_wrapper\">\n\t\t\t<h5><b>Port Aventura i Gnomo Park<\/b><\/h5>\n\n\t\t<\/div> \n\t<\/div> <div class=\"separator  transparent   \" style=\"margin-top:8px;margin-bottom:0px\"><\/div>\n\n\t<div class=\"wpb_text_column wpb_content_element \">\n\t\t<div class=\"wpb_wrapper\">\n\t\t\t<p>Una de les sortides m\u00e9s esperades \u00e9s sens dubte PORT AVENTURA, sempre agrada una bona sessi\u00f3 d\u2019alliberament d\u2019adrenalina. Mentre que els m\u00e9s petits s\u2019ho passen d\u2019all\u00f2 m\u00e9s b\u00e9 al GNOMOPARK.<\/p>\n\n\t\t<\/div> \n\t<\/div> <div class=\"separator  transparent   \" style=\"margin-top:30px;margin-bottom:0px\"><\/div>\n<\/div><\/div><\/div><\/div><div      class=\"vc_row wpb_row section vc_row-fluid\" style='background-color:#f6f5f5; padding-top:49px; padding-bottom:13px; text-align:left;'><div class=\" full_section_inner clearfix\"><div class=\"wpb_column vc_column_container vc_col-sm-12\"><div class=\"wpb_wrapper\">\n\t<div class=\"wpb_text_column wpb_content_element \">\n\t\t<div class=\"wpb_wrapper\">\n\t\t\t<h3>NOTA INFORMATIVA<\/h3>\n\n\t\t<\/div> \n\t<\/div> <div class=\"separator  small left  \" style=\"border-color: #0091d4;margin-top:10px;margin-bottom:31px\"><\/div>\n\n\t<div class=\"wpb_text_column wpb_content_element \">\n\t\t<div class=\"wpb_wrapper\">\n\t\t\t<div><\/div>\n<h1><strong><span style=\"color: #ff0000;\">RESERVA LA TEVA PLA\u00c7A PER AQUEST ESTIU 2026!!<\/span><\/strong><\/h1>\n<h1><strong><span style=\"color: #ff0000;\"> ESCULL EL TEU CENTRE!!<\/span><\/strong><\/h1>\n<p>&nbsp;<\/p>\n<h1><strong><span style=\"color: #ff0000;\"><span style=\"color: #000000;\">NOVETAT: NOU CENTRE<\/span> &#8220;CLUB MONTCABRER&#8221; <span style=\"color: #000000;\">A CABRILS.<\/span><\/span><\/strong><\/h1>\n<h1><strong><span style=\"color: #ff0000;\"><span style=\"color: #000000;\">NOVETAT: NOU CENTRE<\/span> &#8220;N\u00c0UTIC MASNOU&#8221; <span style=\"color: #000000;\">AL MASNOU.<\/span><\/span><\/strong><\/h1>\n<p style=\"text-align: justify;\">\n\n\t\t<\/div> \n\t<\/div> <\/div><\/div><\/div><\/div><div      class=\"vc_row wpb_row section vc_row-fluid\" style=' padding-top:35px; padding-bottom:35px; text-align:left;'><div class=\" full_section_inner clearfix\"><div class=\"wpb_column vc_column_container vc_col-sm-12\"><div class=\"wpb_wrapper\">\n\t<div class=\"wpb_text_column wpb_content_element \">\n\t\t<div class=\"wpb_wrapper\">\n\t\t\t<h3>OBJECTIUS PRINCIPALS<\/h3>\n\n\t\t<\/div> \n\t<\/div> <div class=\"separator  small left  \" style=\"border-color: #0091d4;margin-top:10px;margin-bottom:31px\"><\/div>\n<div      class=\"vc_row wpb_row section vc_inner vc_row-fluid\" style=' text-align:left;'><div class=\" full_section_inner clearfix\"><div class=\"wpb_column vc_column_container vc_col-sm-6 vc_custom_1456408985054\"><div class=\"wpb_wrapper\"><div class='mkd_icon_with_title tiny normal_icon'><div class=\"icon_holder \" style=\"margin: -11px 0px 60px -11px; \"><div class=\"icon_holder_inner\"><span class=\"mkd_icon_stack mkd_tiny_icon \" style=\"font-size: 24px;\"><i class=\"mkd_icon_font_awesome fa fa-hand-peace-o icon_text_icon mkd_icon_stack_1x\" style=\"font-size: 24px;\" ><\/i><\/span><\/div><\/div><div class=\"icon_text_holder\" style=\"padding-left: 45px;\"><div class=\"icon_title_inner_holder\"><h5 class=\"icon_title \" style=\"\">Fomentar la companyia<\/h5><\/div><div class=\"icon_text_inner\" style=\"\"><p style=''>Compartir i saber treballar en equip \u00e9s cabdal pel desenvolupament dels nens\/es.<\/p><\/div><\/div><\/div><div class=\"separator  transparent   \" style=\"margin-top:20px;margin-bottom:0px\"><\/div>\n<div class='mkd_icon_with_title tiny normal_icon'><div class=\"icon_holder \" style=\"margin: -11px 0px 60px -11px; \"><div class=\"icon_holder_inner\"><span class=\"mkd_icon_stack mkd_tiny_icon \" style=\"font-size: 24px;\"><i class=\"mkd_icon_font_awesome fa fa-smile-o icon_text_icon mkd_icon_stack_1x\" style=\"font-size: 24px;\" ><\/i><\/span><\/div><\/div><div class=\"icon_text_holder\" style=\"padding-left: 45px;\"><div class=\"icon_title_inner_holder\"><h5 class=\"icon_title \" style=\"\">Nous amics<\/h5><\/div><div class=\"icon_text_inner\" style=\"\"><p style=''>La coneixen\u00e7a de nous amics fora de l\u2019\u00e0mbit escolar. Fer excursions tot coneixent llocs i compartir experi\u00e8ncies en angl\u00e8s.<\/p><\/div><\/div><\/div><div class=\"separator  transparent   \" style=\"margin-top:20px;margin-bottom:0px\"><\/div>\n<\/div><\/div><div class=\"wpb_column vc_column_container vc_col-sm-6\"><div class=\"wpb_wrapper\"><div class='mkd_icon_with_title tiny normal_icon'><div class=\"icon_holder \" style=\"margin: -11px 0px 60px -11px; \"><div class=\"icon_holder_inner\"><span class=\"mkd_icon_stack mkd_tiny_icon \" style=\"font-size: 24px;\"><i class=\"mkd_icon_font_awesome fa fa-star icon_text_icon mkd_icon_stack_1x\" style=\"font-size: 24px;\" ><\/i><\/span><\/div><\/div><div class=\"icon_text_holder\" style=\"padding-left: 45px;\"><div class=\"icon_title_inner_holder\"><h5 class=\"icon_title \" style=\"\">Adquirir coneixements i\/o habilitats<\/h5><\/div><div class=\"icon_text_inner\" style=\"\"><p style=''>En les diferents activitats que realitzaran, els nens podran aprendre esports, manualitats, i diferents jocs nous, entre altres activitats molt motivants.<\/p><\/div><\/div><\/div><div class=\"separator  transparent   \" style=\"margin-top:20px;margin-bottom:0px\"><\/div>\n<div class='mkd_icon_with_title tiny normal_icon'><div class=\"icon_holder \" style=\"margin: -11px 0px 60px -11px; \"><div class=\"icon_holder_inner\"><span class=\"mkd_icon_stack mkd_tiny_icon \" style=\"font-size: 24px;\"><i class=\"mkd_icon_font_awesome fa fa-camera-retro icon_text_icon mkd_icon_stack_1x\" style=\"font-size: 24px;\" ><\/i><\/span><\/div><\/div><div class=\"icon_text_holder\" style=\"padding-left: 45px;\"><div class=\"icon_title_inner_holder\"><h5 class=\"icon_title \" style=\"\">Remullar-se i gaudir de l&#039;estiu<\/h5><\/div><div class=\"icon_text_inner\" style=\"\"><p style=''>Volem que els vostres fills s\u2019ho passin d\u2019all\u00f2 m\u00e9s b\u00e9, i que arribin a casa i us ho expliquin.<\/p><\/div><\/div><\/div><div class=\"separator  transparent   \" style=\"margin-top:20px;margin-bottom:0px\"><\/div>\n<\/div><\/div><\/div><\/div><\/div><\/div><\/div><\/div><div      class=\"vc_row wpb_row section vc_row-fluid\" style=' padding-top:49px; padding-bottom:49px; text-align:left;'><div class=\" full_section_inner clearfix\"><div class=\"wpb_column vc_column_container vc_col-sm-12\"><div class=\"wpb_wrapper\">\n\t<div class=\"wpb_text_column wpb_content_element \">\n\t\t<div class=\"wpb_wrapper\">\n\t\t\t<h3>SERVEIS<\/h3>\n\n\t\t<\/div> \n\t<\/div> <div class=\"separator  small left  \" style=\"border-color: #0091d4;margin-top:10px;margin-bottom:31px\"><\/div>\n\n\t<div class=\"wpb_text_column wpb_content_element \">\n\t\t<div class=\"wpb_wrapper\">\n\t\t\t<p style=\"text-align: justify;\">Som una empresa dedicada a la gesti\u00f3 esportiva, aix\u00ed com a l&#8217;organitzaci\u00f3 de festes i esdeveniments en general, que treballa en diferents projectes. Una de les nostres especialitats s\u00f3n els\u00a0<strong>Casals de Lleure i Esportius<\/strong>, amb gran \u00e8xit a diferents indrets all\u00e0 on s\u2019han fet o es fan. Podeu descobrir-ne el detall a trav\u00e9s d&#8217;aquest web que us presentem. Actualment m\u00e9s de 1400 nens gaudeixen dels nostres serveis i aix\u00f2 ens demostra que <strong>Esports M\u00e0gics<\/strong> segueix essent una companyia de renom i qualitat garantida. Ens podreu trobar a\u00a0<strong>Piscines El Mirador<\/strong> (C\u00e0noves i Samal\u00fas),\u00a0<strong>Urbanitzaci\u00f3 Sant Josep\u00a0<\/strong>(Cardedeu-Llinars), <strong>City Sport<\/strong> (Ametlla del Vall\u00e8s),<strong>\u00a0Eurofitness El Sorrall<\/strong> (Matar\u00f3), <strong>Club Les Fonts <\/strong>(Terrassa), <strong>Casa Mogent-Maristes <\/strong> (Llinars del Vall\u00e8s), <b>Nou Belulla<\/b> (Canovelles), i aquest any tamb\u00e9\u00a0al <b>Club Montcabrere <\/b>(Cabrils) i al <strong>N\u00e0utic Masnou<\/strong>\u00a0(El Masnou).<\/p>\n\n\t\t<\/div> \n\t<\/div> <\/div><\/div><\/div><\/div><div      class=\"vc_row wpb_row section vc_row-fluid\" style=' padding-top:35px; padding-bottom:35px; text-align:left;'><div class=\" full_section_inner clearfix\"><div class=\"wpb_column vc_column_container vc_col-sm-12\"><div class=\"wpb_wrapper\">\n\t<div class=\"wpb_text_column wpb_content_element \">\n\t\t<div class=\"wpb_wrapper\">\n\t\t\t<h3>AGRA\u00cfMENTS<\/h3>\n\n\t\t<\/div> \n\t<\/div> <div class=\"separator  small left  \" style=\"border-color: #0091d4;margin-top:10px;margin-bottom:31px\"><\/div>\n<div class='joanra mkd_carousels_holder clearfix '><div class='mkd_carousels'  data-number_of_items='5'><ul class='slides'><li class='item'><div class=\"carousel_item_holder\" ><div class=\"carousel_item_holder_inner\" ><a href='http:\/\/www.canovesisamalus.cat\/' target='_blank'><span class='first_image_holder has_hover_image'><img src='http:\/\/esportsmagics.com\/estiu\/wp-content\/uploads\/2016\/02\/carrusel1off-1.png' alt='Ajuntament de C\u00e0noves'><\/span><span class='second_image_holder has_hover_image'><img src='http:\/\/esportsmagics.com\/estiu\/wp-content\/uploads\/2016\/02\/carrusel1-1.png' alt='Ajuntament de C\u00e0noves'><\/span><\/a><\/div><\/div><\/li><li class='item'><div class=\"carousel_item_holder\" ><div class=\"carousel_item_holder_inner\" ><a href='https:\/\/www.facebook.com\/Padel-El-Mirador-720413564643674\/' target='_blank'><span class='first_image_holder has_hover_image'><img src='http:\/\/esportsmagics.com\/estiu\/wp-content\/uploads\/2016\/02\/padeloff.png' alt='P\u00e0del El Mirador'><\/span><span class='second_image_holder has_hover_image'><img src='http:\/\/esportsmagics.com\/estiu\/wp-content\/uploads\/2016\/02\/padel.png' alt='P\u00e0del El Mirador'><\/span><\/a><\/div><\/div><\/li><li class='item'><div class=\"carousel_item_holder\" ><div class=\"carousel_item_holder_inner\" ><a href='#' target='_self'><span class='first_image_holder has_hover_image'><img src='http:\/\/esportsmagics.com\/estiu\/wp-content\/uploads\/2016\/02\/santjosepoff.png' alt='Sant Josep'><\/span><span class='second_image_holder has_hover_image'><img src='http:\/\/esportsmagics.com\/estiu\/wp-content\/uploads\/2016\/02\/santjosep.png' alt='Sant Josep'><\/span><\/a><\/div><\/div><\/li><li class='item'><div class=\"carousel_item_holder\" ><div class=\"carousel_item_holder_inner\" ><a href='https:\/\/elsorrall.eurofitness.com\/' target='_blank'><span class='first_image_holder has_hover_image'><img src='http:\/\/esportsmagics.com\/estiu\/wp-content\/uploads\/2016\/02\/carrusel4.png' alt='Eurofitness'><\/span><span class='second_image_holder has_hover_image'><img src='http:\/\/esportsmagics.com\/estiu\/wp-content\/uploads\/2016\/02\/carrusel4off.png' alt='Eurofitness'><\/span><\/a><\/div><\/div><\/li><li class='item'><div class=\"carousel_item_holder\" ><div class=\"carousel_item_holder_inner\" ><a href='#' target='_self'><span class='first_image_holder has_hover_image'><img src='http:\/\/esportsmagics.com\/estiu\/wp-content\/uploads\/2016\/02\/carrusel6off-1.png' alt='Bar El Mirador'><\/span><span class='second_image_holder has_hover_image'><img src='http:\/\/esportsmagics.com\/estiu\/wp-content\/uploads\/2016\/02\/carrusel6-1.png' alt='Bar El Mirador'><\/span><\/a><\/div><\/div><\/li><li class='item'><div class=\"carousel_item_holder\" ><div class=\"carousel_item_holder_inner\" ><a href='#' target='_self'><span class='first_image_holder has_hover_image'><img src='http:\/\/esportsmagics.com\/estiu\/wp-content\/uploads\/2016\/02\/carrusel2off.png' alt='Esports M\u00e0gics'><\/span><span class='second_image_holder has_hover_image'><img src='http:\/\/esportsmagics.com\/estiu\/wp-content\/uploads\/2016\/02\/carrusel2.png' alt='Esports M\u00e0gics'><\/span><\/a><\/div><\/div><\/li><li class='item'><div class=\"carousel_item_holder\" ><div class=\"carousel_item_holder_inner\" ><a href='https:\/\/agora.xtec.cat\/ies-argentona\/' target='_self'><span class='first_image_holder has_hover_image'><img src='http:\/\/esportsmagics.com\/estiu\/wp-content\/uploads\/2020\/02\/logoPOLIT-4.jpg' alt='IES Argentona'><\/span><span class='second_image_holder has_hover_image'><img src='http:\/\/esportsmagics.com\/estiu\/wp-content\/uploads\/2020\/02\/logoPOLIT-4.jpg' alt='IES Argentona'><\/span><\/a><\/div><\/div><\/li><li class='item'><div class=\"carousel_item_holder\" ><div class=\"carousel_item_holder_inner\" ><a href='http:\/\/citysports.cat\/' target='_self'><span class='first_image_holder has_hover_image'><img src='http:\/\/esportsmagics.com\/estiu\/wp-content\/uploads\/2020\/02\/city-logo-blau-5.png' alt='City Sports'><\/span><span class='second_image_holder has_hover_image'><img src='http:\/\/esportsmagics.com\/estiu\/wp-content\/uploads\/2020\/02\/city-logo-blau-5.png' alt='City Sports'><\/span><\/a><\/div><\/div><\/li><li class='item'><div class=\"carousel_item_holder\" ><div class=\"carousel_item_holder_inner\" ><a href='https:\/\/mogent.maristes.cat\/ca' target='_blank'><span class='first_image_holder has_hover_image'><img src='http:\/\/esportsmagics.com\/estiu\/wp-content\/uploads\/2024\/01\/Casa-Mogent-logo.jpeg' alt='Casa Mogent'><\/span><span class='second_image_holder has_hover_image'><img src='http:\/\/esportsmagics.com\/estiu\/wp-content\/uploads\/2024\/01\/Casa-Mogent-logo.jpeg' alt='Casa Mogent'><\/span><\/a><\/div><\/div><\/li><li class='item'><div class=\"carousel_item_holder\" ><div class=\"carousel_item_holder_inner\" ><a href='http:\/\/www.ctmontnegre.com\/#1' target='_self'><span class='first_image_holder '><img src='http:\/\/esportsmagics.com\/estiu\/wp-content\/uploads\/2024\/02\/montnegre_logo.png' alt='Mont negre'><\/span><\/a><\/div><\/div><\/li><\/ul><\/div><\/div><\/div><\/div><\/div><\/div>\n","protected":false},"excerpt":{"rendered":"","protected":false},"author":1,"featured_media":0,"parent":0,"menu_order":0,"comment_status":"open","ping_status":"open","template":"full_width.php","meta":{"jetpack_post_was_ever_published":false,"_joinchat":[]},"jetpack_sharing_enabled":true,"jetpack_shortlink":"https:\/\/wp.me\/P7iNMK-5","_links":{"self":[{"href":"http:\/\/esportsmagics.com\/estiu\/wp-json\/wp\/v2\/pages\/5"}],"collection":[{"href":"http:\/\/esportsmagics.com\/estiu\/wp-json\/wp\/v2\/pages"}],"about":[{"href":"http:\/\/esportsmagics.com\/estiu\/wp-json\/wp\/v2\/types\/page"}],"author":[{"embeddable":true,"href":"http:\/\/esportsmagics.com\/estiu\/wp-json\/wp\/v2\/users\/1"}],"replies":[{"embeddable":true,"href":"http:\/\/esportsmagics.com\/estiu\/wp-json\/wp\/v2\/comments?post=5"}],"version-history":[{"count":78,"href":"http:\/\/esportsmagics.com\/estiu\/wp-json\/wp\/v2\/pages\/5\/revisions"}],"predecessor-version":[{"id":2515,"href":"http:\/\/esportsmagics.com\/estiu\/wp-json\/wp\/v2\/pages\/5\/revisions\/2515"}],"wp:attachment":[{"href":"http:\/\/esportsmagics.com\/estiu\/wp-json\/wp\/v2\/media?parent=5"}],"curies":[{"name":"wp","href":"https:\/\/api.w.org\/{rel}","templated":true}]}}