{"id":752,"date":"2016-02-24T17:06:19","date_gmt":"2016-02-24T17:06:19","guid":{"rendered":"http:\/\/esportsmagics.com\/estiu\/?page_id=752"},"modified":"2026-04-09T18:34:29","modified_gmt":"2026-04-09T18:34:29","slug":"nosaltres","status":"publish","type":"page","link":"http:\/\/esportsmagics.com\/estiu\/nosaltres\/","title":{"rendered":"Nosaltres"},"content":{"rendered":"<div      class=\"vc_row wpb_row section vc_row-fluid\" style=' padding-top:67px; padding-bottom:67px; text-align:left;'><div class=\" full_section_inner clearfix\"><div class=\"wpb_column vc_column_container vc_col-sm-12 vc_col-lg-7 vc_col-md-6 vc_col-xs-12\"><div class=\"wpb_wrapper\"><div class='mkd_elements_holder one_column responsive_mode_from_768' ><div class='mkd_elements_item vertical_alignment_middle '><div class='mkd_elements_item_inner'><div class='mkd_elements_item_content mkd_elements_inner_1141273713' style='text-align:left;'><style type=\"text\/css\" data-type=\"mkd_elements-custom-padding\">@media only screen and (min-width: 768px) and (max-width: 1000px) {.mkd_elements_holder .mkd_elements_item_content.mkd_elements_inner_1141273713{padding:0 0 30px 0!important}}@media only screen and (min-width: 600px) and (max-width: 768px) {.mkd_elements_holder .mkd_elements_item_content.mkd_elements_inner_1141273713{padding:0 0 30px 0!important}}@media only screen and (min-width: 480px) and (max-width: 600px) {.mkd_elements_holder .mkd_elements_item_content.mkd_elements_inner_1141273713{padding:0 10px 30px 10px!important}}@media only screen and (max-width: 480px) {.mkd_elements_holder .mkd_elements_item_content.mkd_elements_inner_1141273713{padding:0 10px 30px 10px!important}}<\/style>\n\t<div class=\"wpb_text_column wpb_content_element \">\n\t\t<div class=\"wpb_wrapper\">\n\t\t\t<h3>Gesti\u00f3 esportiva<\/h3>\n\n\t\t<\/div> \n\t<\/div> <div class=\"separator  small left  \" style=\"border-color: #0091d4;margin-top:10px;margin-bottom:31px\"><\/div>\n\n\t<div class=\"wpb_text_column wpb_content_element \">\n\t\t<div class=\"wpb_wrapper\">\n\t\t\t<div style=\"text-align: justify;\"><strong>Esports M\u00e0gics<\/strong> \u00e9s una empresa dedicada a la gesti\u00f3 esportiva en general, que actualment treballa en la gesti\u00f3 del Complex Esportiu del P\u00e0del El Mirador, coopera directament amb l&#8217;Eurofitness El Sorrall per a la dinamitzaci\u00f3 de les activitats del gimn\u00e0s, porta la gesti\u00f3 total de la de Sant Josep, treballa en diferents extraescolars, aix\u00ed com tamb\u00e9 en l&#8217;organitzaci\u00f3 de festes i esdeveniments, entre altres activitats. Una de les nostres especialitats s\u00f3n els Casals de Lleure o Esportius, amb gran \u00e8xit a diferents indrets all\u00e0 on s\u2019han fet o es fan, i amb els que est\u00e0 basada aquest apartat del web. Actualment gaireb\u00e9 1500 nens ja gaudeixen dels nostres serveis.<\/div>\n<p>&nbsp;<\/p>\n<div style=\"text-align: justify;\">Una web que neix l\u2019any 2011 amb la finalitat de donar una major qualitat al servei i mostrar totes les activitats que fem amb els seus fills; d\u2019aquesta manera, el pares i mares tamb\u00e9 estan informats.<\/div>\n\n\t\t<\/div> \n\t<\/div> <\/div><\/div><\/div><\/div><\/div><\/div><div class=\"wpb_column vc_column_container vc_col-sm-12 vc_col-lg-5 vc_col-md-6 vc_col-xs-12\"><div class=\"wpb_wrapper\">\n\t<div class=\"wpb_single_image wpb_content_element vc_align_center\">\n\t\t<div class=\"wpb_wrapper\">\n\t\t\t\n\t\t\t<div class=\"vc_single_image-wrapper   vc_box_border_grey\"><img width=\"473\" height=\"317\" src=\"http:\/\/esportsmagics.com\/estiu\/wp-content\/uploads\/2016\/02\/1paragraf.jpg\" class=\"vc_single_image-img attachment-full\" alt=\"\" decoding=\"async\" loading=\"lazy\" srcset=\"http:\/\/esportsmagics.com\/estiu\/wp-content\/uploads\/2016\/02\/1paragraf.jpg 473w, http:\/\/esportsmagics.com\/estiu\/wp-content\/uploads\/2016\/02\/1paragraf-300x201.jpg 300w\" sizes=\"(max-width: 473px) 100vw, 473px\" \/><\/div>\n\t\t<\/div>\n\t<\/div>\n<\/div><\/div><\/div><\/div><div      class=\"vc_row wpb_row section vc_row-fluid\" style='background-color:#f6f5f5; padding-top:67px; padding-bottom:67px; text-align:left;'><div class=\" full_section_inner clearfix\"><div class=\"wpb_column vc_column_container vc_col-sm-5 vc_col-lg-5 vc_col-md-6 vc_col-xs-12\"><div class=\"wpb_wrapper\">\n\t<div class=\"wpb_single_image wpb_content_element vc_align_center\">\n\t\t<div class=\"wpb_wrapper\">\n\t\t\t\n\t\t\t<div class=\"vc_single_image-wrapper   vc_box_border_grey\"><img width=\"464\" height=\"309\" src=\"http:\/\/esportsmagics.com\/estiu\/wp-content\/uploads\/2016\/02\/magi.png\" class=\"vc_single_image-img attachment-full\" alt=\"\" decoding=\"async\" loading=\"lazy\" srcset=\"http:\/\/esportsmagics.com\/estiu\/wp-content\/uploads\/2016\/02\/magi.png 464w, http:\/\/esportsmagics.com\/estiu\/wp-content\/uploads\/2016\/02\/magi-300x200.png 300w\" sizes=\"(max-width: 464px) 100vw, 464px\" \/><\/div>\n\t\t<\/div>\n\t<\/div>\n<div class=\"separator  normal   \" style=\"\"><\/div>\n\n\t<div class=\"wpb_single_image wpb_content_element vc_align_center\">\n\t\t<div class=\"wpb_wrapper\">\n\t\t\t\n\t\t\t<div class=\"vc_single_image-wrapper   vc_box_border_grey\"><img width=\"479\" height=\"724\" src=\"http:\/\/esportsmagics.com\/estiu\/wp-content\/uploads\/2016\/02\/Coordinadors-2019-2.jpg\" class=\"vc_single_image-img attachment-full\" alt=\"\" decoding=\"async\" loading=\"lazy\" srcset=\"http:\/\/esportsmagics.com\/estiu\/wp-content\/uploads\/2016\/02\/Coordinadors-2019-2.jpg 479w, http:\/\/esportsmagics.com\/estiu\/wp-content\/uploads\/2016\/02\/Coordinadors-2019-2-198x300.jpg 198w\" sizes=\"(max-width: 479px) 100vw, 479px\" \/><\/div>\n\t\t<\/div>\n\t<\/div>\n<\/div><\/div><div class=\"wpb_column vc_column_container vc_col-sm-7 vc_col-lg-7 vc_col-md-6 vc_col-xs-12\"><div class=\"wpb_wrapper\"><div class='mkd_elements_holder one_column responsive_mode_from_768' ><div class='mkd_elements_item vertical_alignment_middle '><div class='mkd_elements_item_inner'><div class='mkd_elements_item_content mkd_elements_inner_630858298' style='text-align:left;'><style type=\"text\/css\" data-type=\"mkd_elements-custom-padding\">@media only screen and (min-width: 768px) and (max-width: 1000px) {.mkd_elements_holder .mkd_elements_item_content.mkd_elements_inner_630858298{padding:0 0 30px 0!important}}@media only screen and (min-width: 600px) and (max-width: 768px) {.mkd_elements_holder .mkd_elements_item_content.mkd_elements_inner_630858298{padding:0 0 30px 0!important}}@media only screen and (min-width: 480px) and (max-width: 600px) {.mkd_elements_holder .mkd_elements_item_content.mkd_elements_inner_630858298{padding:0 10px 30px 10px!important}}@media only screen and (max-width: 480px) {.mkd_elements_holder .mkd_elements_item_content.mkd_elements_inner_630858298{padding:0 10px 30px 10px!important}}<\/style>\n\t<div class=\"wpb_text_column wpb_content_element \">\n\t\t<div class=\"wpb_wrapper\">\n\t\t\t<h3>Professionals qualificats<\/h3>\n\n\t\t<\/div> \n\t<\/div> <div class=\"separator  small left  \" style=\"border-color: #0091d4;margin-top:10px;margin-bottom:31px\"><\/div>\n\n\t<div class=\"wpb_text_column wpb_content_element \">\n\t\t<div class=\"wpb_wrapper\">\n\t\t\t<p><b>Mag\u00ed Serra<\/b><\/p>\n<div>\u00c9s l&#8217;\u00e0nima i director d&#8217;Esports M\u00e0gics. Llicenciat en INEFC, T\u00e8cnic Superior en Animaci\u00f3 d&#8217;Activitats F\u00edsiques i Esportives, i Director de Lleure. Ha combinat la tasca de professor d&#8217;Educaci\u00f3 F\u00edsica amb la de Gestor i Dinamitzador d&#8217;Activitats Esportives. Tamb\u00e9 \u00e9s\u00a0Entrenador Nacional d&#8217;Handbol amb una notable experi\u00e8ncia a primera divisi\u00f3 espanyola i tamb\u00e9 a l&#8217;estranger. Si tens cap sugeriment <a style=\"color: #000;\" href=\"http:\/\/esportsmagics.com\/estiu\/contacte\/\">envia-li un missatge<\/a>.<\/div>\n<p>&nbsp;<\/p>\n<p>&nbsp;<\/p>\n<p><b>Vanesa Alba<\/b><\/p>\n<div>Nascuda a Cardedeu, essent monitora de lleure i entrenadora de b\u00e0squet. T\u00e9 molta experi\u00e8ncia en l&#8217;\u00e0mbit de l&#8217;educaci\u00f3 aix\u00ed com tamb\u00e9 de monitora de menjador en diferents escoles com Corbella, Graners&#8230; Ja porta temps treballant amb nosaltres i \u00e9s la Sots-Directora d&#8217;Esports M\u00e0gics controlant la qualitat dels casal entre altres tasques.<\/div>\n<p>&nbsp;<\/p>\n<p><b>Jan Solan\u00ed<\/b><\/p>\n<div>Llicenciat en INEFC a Vic i Cicle Formatiu d&#8217;Animaci\u00f3 d&#8217;Activitats Fisicoesportives, ha estat durant anys com a Director de varis casals d&#8217;estiu, entre ells el de l&#8217;escola Ginebr\u00f3. Ha estat d&#8217;ajudant d&#8217;entrenador d&#8217;handbol al FCBarcelona. Durant molts anys tamb\u00e9 ha fet de monitor de casals d&#8217;estiu per lo que la seva experi\u00e8ncia l&#8217;avala en aquest sector. \u00c9s el coordinador de l&#8217;\u00e0rea de log\u00edstica d&#8217;Esports M\u00e0gics.<\/div>\n<p>&nbsp;<\/p>\n<p><b>Judith Sanz\u00a0<\/b><\/p>\n<div>\n<p>Llicenciada en el Grau d&#8217;Educaci\u00f3 Prim\u00e0ria i Monitor\/a de lleure. Treballa en l&#8217;\u00e0mbit educatiu com a mestra i coordinadora en l&#8217;oci infantil i juvenil. Ent\u00e9n el temps de lleure com a espai de qualitat educativa fomentant valors \u00e8tics de respecte, amistat i uni\u00f3 on els infants puguin sentir-se en benestar. Mare de 2 fills, t\u00e9 experi\u00e8ncia m\u00e9s que notable en la gesti\u00f3 d&#8217;infants i de grups de persones. Porta la coordinaci\u00f3 de les activitats del Mirador de C\u00e0noves.<\/p>\n<\/div>\n<p>&nbsp;<\/p>\n<p><b>Joan Carles Marin<\/b><\/p>\n<div>Grans coneixements i experi\u00e8ncia dirigint a diferentes grups esportius (handbol, b\u00e0squet, futbol), i treballant a diferents escoles. Sap prefectament dirigir un grup de persones que far\u00e0 que els vostres fills estiguin encantats. Coordina les activitats del Sorrall de Matar\u00f3.<\/div>\n<p>&nbsp;<\/p>\n<p><b>X\u00e8nia Alba<\/b><\/p>\n<div>\n<p>Dedicada a la dansa i l\u2019expressi\u00f3 corporal a nivell professional, i amb amplia experi\u00e8ncia en pedagogia en la inf\u00e0ncia. Ha treballat en diferents \u00e0mbits educatius, fomentant l\u2019aprenentatge a trav\u00e9s del moviment i el joc. Porta des de la fundaci\u00f3 d&#8217;Esports M\u00e0gics treballant amb nosaltres i cada vegada ha agafat m\u00e9s responsabilitats gr\u00e0cies a la seva const\u00e0ncia i entrega. Aquest any portar\u00e0 la coordinaci\u00f3 de les activitats de Sant Josep a Cardedeu-Llinars.<\/p>\n<p>&nbsp;<\/p>\n<\/div>\n<p><b>Anabel Antequera<\/b><\/p>\n<div>\n<p>T\u00e8cnica i Mestra en Educaci\u00f3 Infantil i Prim\u00e0ria amb l&#8217;especialitat d&#8217;Educaci\u00f3 Especial i amb altres formacions vinculades al m\u00f3n educatiu. Actualment treballa en escoles com a educadora i atenci\u00f3 a nens amb necessitats educatives especials. Amb experi\u00e8ncia com a monitora de lleure i menjadors escolars, ha coordinat ja alguns dels nostres casals d&#8217;estiu. Es una persona creativa, responsable i molt organitzada a la que li agrada fer equip i contribuir al bon ambient. Coordina les activitats del Nou Belulla de Canovelles.<\/p>\n<\/div>\n<p>&nbsp;<\/p>\n<p><b>Cristina Araguz<\/b><\/p>\n<div>Llicenciada a l&#8217;INEFC de Lleida i amb el M\u00e0ster en Formaci\u00f3 del Professorat. T\u00e9 infinitat d&#8217;experi\u00e8ncia en el m\u00f3n de la gesti\u00f3 com a coordinadora de centres escolars i coordinadora en varis casals d&#8217;estiu. Actualment est\u00e0 fent de Professora en cicles formatius d&#8217;esports entre altres activitats extraescolars. Ella ajudar\u00e0 al control de la qualitat dels casals.<\/div>\n<div>\n<div>\n<p>&nbsp;<\/p>\n<\/div>\n<p><b>Aldana Cini<\/b><\/p>\n<\/div>\n<div>\n<p>Graduada a l\u2019INEFC de Lleida i amb un M\u00e0ster Universitari en Formaci\u00f3 del Professorat de Secund\u00e0ria i Batxillerat, FP i Idiomes. Actualment, treballa com a entrenadora de futbol i coordinadora de la LSA Academy. A m\u00e9s, compta amb experi\u00e8ncia en casals d\u2019estiu i en la dinamitzaci\u00f3 de grups. Aquest any assumir\u00e0 el rol de coordinadora al Casal Beach Padel.<\/p>\n<div>\n<p>&nbsp;<\/p>\n<\/div>\n<p><b>Pol Berrocal<\/b><\/p>\n<\/div>\n<div>\n<p>Llicenciat en INEFC a la Universitat de Vic, te molta experi\u00e8ncia en l&#8217;\u00e0mbit educatiu com a coordinador i monitor de les extraescolars de diferents escoles de la Garriga. Tamb\u00e9 t\u00e9 experi\u00e8ncia com a entrenador de p\u00e0del i nataci\u00f3 durant varis anys seguits en els nostres casals i aquest any ser\u00e0 el coordinador al Club Tenis-P\u00e0del Montnegre de Sant Celoni.<\/p>\n<p>&nbsp;<\/p>\n<p><b>Susi Serrano<br \/>\n<\/b><\/p>\n<\/div>\n<div>\n<p>Treballa des de fa m\u00e9s de 30 anys en diferents municipis i escoles educant nens. Actualment treballa coordinant un menjador escolar ha estat molts anys treballant en casals d&#8217;estiu. Li agrada fomentar els valors \u00e8tics i el respecte, gaudir de l&#8217;alegria i el benestar dels infants. Aquest any coordinar\u00e0 la col\u00b7laboraci\u00f3 que tenim amb el Hockey de Sant Celoni.<\/p>\n<p>&nbsp;<\/p>\n<p><b>Eli Fernandez<\/b><\/p>\n<\/div>\n<div>\n<p>Graduada en Publicitat i Relacions P\u00fabliques i M\u00e1ster en Gesti\u00f3 d\u2019Esdeveniments, i altres formacions vinculades amb el m\u00f3n de l\u2019esport. Compta amb una gran experi\u00e8ncia consolidada en la gesti\u00f3 i coordinaci\u00f3 de grups i activitats. Tamb\u00e9 \u00e9s esportista federada des de ben petita en esports d\u2019equips i individual. Ha estat monitora i coordinadora dels casals d&#8217;Esports M\u00e0gics des de fa m\u00e9s de 3 anys, gr\u00e0cies a les seves aptituds de responsabilitat, organitzaci\u00f3, motivaci\u00f3 i energia. Aquest any coordinar\u00e0 les activitats del City Sports de l&#8217;Ametlla del Vall\u00e9s.<\/p>\n<\/div>\n<p>&nbsp;<\/p>\n<p><b>Patricia Antequera<\/b><\/p>\n<p>Mestre en Educaci\u00f3 Infantil porta m\u00e9s de 20 anys d&#8217;experi\u00e8ncia en el m\u00f3n de l&#8217;Educaci\u00f3 i molts anys treballant amb nosaltres. \u00c9s molt inquieta i est\u00e0 en cont\u00ednua formaci\u00f3 per millorar i aprendre en diferents \u00e0mbits educatius. Molt compromesa per acompanyar al nen\/a en els diferents \u00e0mbits del seu desenvolupament social, emocional, cognitiu i f\u00edsic perqu\u00e9 aquest arribi al seu m\u00e0xim potencia. Aquest any estar\u00e0 de coordinadora de la Casa Mogent a Llinars del Vall\u00e8s.<\/p>\n<p>&nbsp;<\/p>\n<p><b>Naiara Del Pozo<\/b><\/p>\n<div>\n<p>Llicenciada en doble grau biling\u00fce d&#8217;Educaci\u00f3 Infantil i Prim\u00e0ria amb la menci\u00f3 d&#8217;Educaci\u00f3 Especial i Monitora de lleure. T\u00e9 experi\u00e8ncia en l\u2019\u00e0mbit educatiu, ja que ha treballat com a mestra, monitora de lleure a casals d\u2019estiu i dirigint activitats extraescolars amb infants. El seu esperit cooperatiu i emp\u00e0tic fa que tothom se senti acollit i recolzat, a m\u00e9s de ser una persona molt positiva i alegre. Per ella, \u00e9s molt important formar un equip on la base sigui el respecte i el benestar de tots. Fa molts anys que treballa amb nosaltres, i actualment coordina les activitats a La Cisa P\u00e0del de Vilassar de Dalt.<\/p>\n<p>&nbsp;<\/p>\n<p><b>Laura Mart\u00ednez<\/b><\/p>\n<div>\n<p>\u00c9s graduada en Ci\u00e8ncies de l\u2019Activitat F\u00edsica i l\u2019Esport a Val\u00e8ncia, amb un M\u00e0ster en Professorat de Secund\u00e0ria i un M\u00e0ster en Gesti\u00f3 Esportiva. T\u00e9 experi\u00e8ncia en diferents casals tant a la prov\u00edncia de Val\u00e8ncia com a Catalunya, on ha desenvolupat tasques relacionades amb l\u2019ensenyament i la dinamitzaci\u00f3 esportiva.\u00a0Actualment, treballa com a professora de cicles d\u2019ensenyaments esportius en un centre p\u00fablic del Vall\u00e8s Occidental, on continua ampliant la seva experi\u00e8ncia en l\u2019\u00e0mbit docent i esportiu. Coordinar\u00e0 les activitats del Club Tennis Les Fonts de Terrassa.<\/p>\n<\/div>\n<\/div>\n<div>\n<div>\n<div>\n<p>&nbsp;<\/p>\n<p style=\"text-align: left;\"><b>Aina Perez<\/b><\/p>\n<\/div>\n<\/div>\n<div>\n<div>Estudiant Educaci\u00f3 Infantil i durant anys ha treballat com a monitora de lleure, amb formaci\u00f3 espec\u00edfica per acompanyar infants en risc d\u2019exclusi\u00f3 social. Actualment forma part de l\u2019equip d\u2019Esports M\u00e0gics portant la gesti\u00f3 de les xarxes socials, una tasca que combina amb els seus coneixements en edici\u00f3 de v\u00eddeos i fotografies. Es considera una persona creativa, amable, simp\u00e0tica i molt organitzada. Li encanta poder transmetre l\u2019ess\u00e8ncia dels nostres casals a trav\u00e9s de les xarxes, connectant amb les fam\u00edlies i mostrant tot el que vivim des de dins.<\/div>\n<\/div>\n<\/div>\n<div>\n<div>\n<div>\n<p>&nbsp;<\/p>\n<\/div>\n<\/div>\n<\/div>\n<div><\/div>\n\n\t\t<\/div> \n\t<\/div> <\/div><\/div><\/div><\/div><\/div><\/div><\/div><\/div><div      class=\"vc_row wpb_row section vc_row-fluid\" style=' padding-top:67px; padding-bottom:67px; text-align:left;'><div class=\" full_section_inner clearfix\"><div class=\"wpb_column vc_column_container vc_col-sm-12 vc_col-lg-7 vc_col-md-6 vc_col-xs-12\"><div class=\"wpb_wrapper\"><div class='mkd_elements_holder one_column responsive_mode_from_768' ><div class='mkd_elements_item vertical_alignment_middle '><div class='mkd_elements_item_inner'><div class='mkd_elements_item_content mkd_elements_inner_49439221' style='text-align:left;'><style type=\"text\/css\" data-type=\"mkd_elements-custom-padding\">@media only screen and (min-width: 768px) and (max-width: 1000px) {.mkd_elements_holder .mkd_elements_item_content.mkd_elements_inner_49439221{padding:0 0 30px 0!important}}@media only screen and (min-width: 600px) and (max-width: 768px) {.mkd_elements_holder .mkd_elements_item_content.mkd_elements_inner_49439221{padding:0 0 30px 0!important}}@media only screen and (min-width: 480px) and (max-width: 600px) {.mkd_elements_holder .mkd_elements_item_content.mkd_elements_inner_49439221{padding:0 10px 30px 10px!important}}@media only screen and (max-width: 480px) {.mkd_elements_holder .mkd_elements_item_content.mkd_elements_inner_49439221{padding:0 10px 30px 10px!important}}<\/style>\n\t<div class=\"wpb_text_column wpb_content_element \">\n\t\t<div class=\"wpb_wrapper\">\n\t\t\t<h3>Casals amb \u00e8xit<\/h3>\n\n\t\t<\/div> \n\t<\/div> <div class=\"separator  small left  \" style=\"border-color: #0091d4;margin-top:10px;margin-bottom:31px\"><\/div>\n\n\t<div class=\"wpb_text_column wpb_content_element \">\n\t\t<div class=\"wpb_wrapper\">\n\t\t\t<p style=\"text-align: justify;\">Diferents activitats s\u00f3n les que desenvolupen\u00a0els nens i nenes de 3 a 16 anys. Amb diversos anys d\u2019experi\u00e8ncia, on el nostre principal objectiu \u00e9s fer que els participants\u00a0gaudeixin de l\u2019estiu tot fomentant la companyia, introdu\u00efnt-se a l\u2019angl\u00e9s, el saber fer en grup, i la coneixen\u00e7a de nous amics fora de l\u2019\u00e0mbit escolar.<\/p>\n<p>&nbsp;<\/p>\n<p style=\"text-align: justify;\">Ara fa uns anys vam obrir un casal d\u2019estiu amb for\u00e7a \u00e8xit, i la demanda dels pares ens ha fet seguir en altres indrets com Sant Antoni de Vilamajor, C\u00e0noves i Samal\u00fas, Santa Maria de Palautordera, Cardedeu, Ametlla del Vall\u00e8s, Matar\u00f3, Argentona i Sabadell-Terrassa. Cada zona amb el seu centre corresponent, aplicant la nostra filosofia.<\/p>\n\n\t\t<\/div> \n\t<\/div> <\/div><\/div><\/div><\/div><\/div><\/div><div class=\"wpb_column vc_column_container vc_col-sm-12 vc_col-lg-5 vc_col-md-6 vc_col-xs-12\"><div class=\"wpb_wrapper\">\n\t<div class=\"wpb_single_image wpb_content_element vc_align_center\">\n\t\t<div class=\"wpb_wrapper\">\n\t\t\t\n\t\t\t<div class=\"vc_single_image-wrapper   vc_box_border_grey\"><img width=\"474\" height=\"317\" src=\"http:\/\/esportsmagics.com\/estiu\/wp-content\/uploads\/2016\/02\/2paragraf-1-1.jpg\" class=\"vc_single_image-img attachment-full\" alt=\"\" decoding=\"async\" loading=\"lazy\" srcset=\"http:\/\/esportsmagics.com\/estiu\/wp-content\/uploads\/2016\/02\/2paragraf-1-1.jpg 474w, http:\/\/esportsmagics.com\/estiu\/wp-content\/uploads\/2016\/02\/2paragraf-1-1-300x201.jpg 300w\" sizes=\"(max-width: 474px) 100vw, 474px\" \/><\/div>\n\t\t<\/div>\n\t<\/div>\n<\/div><\/div><\/div><\/div><div      class=\"vc_row wpb_row section vc_row-fluid\" style='background-color:#f6f5f5; padding-top:67px; padding-bottom:67px; text-align:left;'><div class=\" full_section_inner clearfix\"><div class=\"wpb_column vc_column_container vc_col-sm-5 vc_col-lg-5 vc_col-md-6 vc_col-xs-12\"><div class=\"wpb_wrapper\">\n\t<div class=\"wpb_single_image wpb_content_element vc_align_center\">\n\t\t<div class=\"wpb_wrapper\">\n\t\t\t\n\t\t\t<div class=\"vc_single_image-wrapper   vc_box_border_grey\"><img width=\"473\" height=\"317\" src=\"http:\/\/esportsmagics.com\/estiu\/wp-content\/uploads\/2016\/02\/3paragraf-1.jpg\" class=\"vc_single_image-img attachment-full\" alt=\"\" decoding=\"async\" loading=\"lazy\" srcset=\"http:\/\/esportsmagics.com\/estiu\/wp-content\/uploads\/2016\/02\/3paragraf-1.jpg 473w, http:\/\/esportsmagics.com\/estiu\/wp-content\/uploads\/2016\/02\/3paragraf-1-300x201.jpg 300w\" sizes=\"(max-width: 473px) 100vw, 473px\" \/><\/div>\n\t\t<\/div>\n\t<\/div>\n<\/div><\/div><div class=\"wpb_column vc_column_container vc_col-sm-7 vc_col-lg-7 vc_col-md-6 vc_col-xs-12\"><div class=\"wpb_wrapper\"><div class='mkd_elements_holder one_column responsive_mode_from_768' ><div class='mkd_elements_item vertical_alignment_middle '><div class='mkd_elements_item_inner'><div class='mkd_elements_item_content mkd_elements_inner_2104024625' style='text-align:left;'><style type=\"text\/css\" data-type=\"mkd_elements-custom-padding\">@media only screen and (min-width: 768px) and (max-width: 1000px) {.mkd_elements_holder .mkd_elements_item_content.mkd_elements_inner_2104024625{padding:0 0 30px 0!important}}@media only screen and (min-width: 600px) and (max-width: 768px) {.mkd_elements_holder .mkd_elements_item_content.mkd_elements_inner_2104024625{padding:0 0 30px 0!important}}@media only screen and (min-width: 480px) and (max-width: 600px) {.mkd_elements_holder .mkd_elements_item_content.mkd_elements_inner_2104024625{padding:0 10px 30px 10px!important}}@media only screen and (max-width: 480px) {.mkd_elements_holder .mkd_elements_item_content.mkd_elements_inner_2104024625{padding:0 10px 30px 10px!important}}<\/style>\n\t<div class=\"wpb_text_column wpb_content_element \">\n\t\t<div class=\"wpb_wrapper\">\n\t\t\t<h3>L&#8217;experi\u00e8ncia ens avala<\/h3>\n\n\t\t<\/div> \n\t<\/div> <div class=\"separator  small left  \" style=\"border-color: #0091d4;margin-top:10px;margin-bottom:31px\"><\/div>\n\n\t<div class=\"wpb_text_column wpb_content_element \">\n\t\t<div class=\"wpb_wrapper\">\n\t\t\t<p>Centres actuals:<\/p>\n<p>&#8211; Eurofitness El Sorrall (Matar\u00f3)<\/p>\n<p>&#8211; Beach P\u00e0del Club\u00a0 (Matar\u00f3)<\/p>\n<p>&#8211; Piscines El Mirador (C\u00e0noves i Samal\u00fas)<\/p>\n<p>&#8211; Urbanitzaci\u00f3 Sant Josep (Cardedeu-Llinars)<\/p>\n<p>&#8211; Club Tennis-P\u00e0del Font Martina (Sta M\u00aa Palautordera)<\/p>\n<p>&#8211; Casa Mogent-Maristes (Llinars del Vall\u00e8s)<\/p>\n<p>&#8211; City Sports (Ametlla del Vall\u00e8s)<\/p>\n<p>&#8211; Club Tennis-P\u00e0del Montnegre (Sant Celoni)<\/p>\n<p>&#8211; Club Tennis-P\u00e0del Les Fonts (Terrassa)<\/p>\n<p>&#8211; Nou Belulla (Canovelles)<\/p>\n<p>&nbsp;<\/p>\n<p>&nbsp;<\/p>\n<p>Centres on tamb\u00e9 hem estat:<\/p>\n<p>&#8211; Les Pungoles (Sant Antoni de Vilamajor)<\/p>\n<p>&#8211; CEIP Joan Casas (Sant Antoni de Vilamajor)<\/p>\n<p>&#8211; Can Bosc (Santa Maria de Palautordera)<\/p>\n<p>&#8211; Casino d&#8217;Argentona (Argentona)<\/p>\n<p>&#8211; Sportcenterland (Sabadell-Terrassa)<\/p>\n<p>&#8211; Can Bosc (Vilalba Sasserra)<\/p>\n<p>&#8211; La Cisa P\u00e0del (Vilassar de Dalt)<\/p>\n<p>&#8211; Centre Esportiu Terrassasports (Terrassa)<\/p>\n<p>&nbsp;<\/p>\n<p>&nbsp;<\/p>\n<p>L\u2019experi\u00e8ncia ens avala, ja que disposem de personal qualificat i titulat amb experi\u00e8ncia per a donar la millor qualitat al servei, fent que els vostres fills s\u2019ho passin d\u2019all\u00f2 m\u00e9s b\u00e9 durant tot l\u2019estiu. I sin\u00f3, ja ens ho explicareu!!<\/p>\n\n\t\t<\/div> \n\t<\/div> <\/div><\/div><\/div><\/div><\/div><\/div><\/div><\/div>\n","protected":false},"excerpt":{"rendered":"@media only screen and (min-width: 768px) and (max-width: 1000px) {.mkd_elements_holder .mkd_elements_item_content.mkd_elements_inner_101401752{padding:0 0 30px 0!important}}@media only screen and (min-width: 600px) and (max-width: 768px) {.mkd_elements_holder .mkd_elements_item_content.mkd_elements_inner_101401752{padding:0...","protected":false},"author":1,"featured_media":0,"parent":0,"menu_order":0,"comment_status":"open","ping_status":"closed","template":"full_width.php","meta":{"jetpack_post_was_ever_published":false,"_joinchat":[]},"jetpack_sharing_enabled":true,"jetpack_shortlink":"https:\/\/wp.me\/P7iNMK-c8","_links":{"self":[{"href":"http:\/\/esportsmagics.com\/estiu\/wp-json\/wp\/v2\/pages\/752"}],"collection":[{"href":"http:\/\/esportsmagics.com\/estiu\/wp-json\/wp\/v2\/pages"}],"about":[{"href":"http:\/\/esportsmagics.com\/estiu\/wp-json\/wp\/v2\/types\/page"}],"author":[{"embeddable":true,"href":"http:\/\/esportsmagics.com\/estiu\/wp-json\/wp\/v2\/users\/1"}],"replies":[{"embeddable":true,"href":"http:\/\/esportsmagics.com\/estiu\/wp-json\/wp\/v2\/comments?post=752"}],"version-history":[{"count":134,"href":"http:\/\/esportsmagics.com\/estiu\/wp-json\/wp\/v2\/pages\/752\/revisions"}],"predecessor-version":[{"id":2507,"href":"http:\/\/esportsmagics.com\/estiu\/wp-json\/wp\/v2\/pages\/752\/revisions\/2507"}],"wp:attachment":[{"href":"http:\/\/esportsmagics.com\/estiu\/wp-json\/wp\/v2\/media?parent=752"}],"curies":[{"name":"wp","href":"https:\/\/api.w.org\/{rel}","templated":true}]}}