{"id":2416,"date":"2026-01-22T08:56:04","date_gmt":"2026-01-22T08:56:04","guid":{"rendered":"https:\/\/esportsmagics.com\/estiu\/?page_id=2416"},"modified":"2026-02-18T23:27:23","modified_gmt":"2026-02-18T23:27:23","slug":"calculadora-de-preus","status":"publish","type":"page","link":"https:\/\/esportsmagics.com\/estiu\/calculadora-de-preus\/","title":{"rendered":"Calcula el teu preu"},"content":{"rendered":"<div      class=\"vc_row wpb_row section vc_row-fluid\" style=' padding-top:67px; padding-bottom:30px; text-align:left;'><div class=\" full_section_inner clearfix\"><div class=\"wpb_column vc_column_container vc_col-sm-12 vc_col-lg-12 vc_col-md-12 vc_col-xs-12\"><div class=\"wpb_wrapper\"><div class='mkd_elements_holder one_column responsive_mode_from_768' ><div class='mkd_elements_item vertical_alignment_middle '><div class='mkd_elements_item_inner'><div class='mkd_elements_item_content mkd_elements_inner_236170483' style='text-align:left;'><style type=\"text\/css\" data-type=\"mkd_elements-custom-padding\">@media only screen and (min-width: 768px) and (max-width: 1000px) {.mkd_elements_holder .mkd_elements_item_content.mkd_elements_inner_236170483{padding:0 0 30px 0!important}}@media only screen and (min-width: 600px) and (max-width: 768px) {.mkd_elements_holder .mkd_elements_item_content.mkd_elements_inner_236170483{padding:0 0 30px 0!important}}@media only screen and (min-width: 480px) and (max-width: 600px) {.mkd_elements_holder .mkd_elements_item_content.mkd_elements_inner_236170483{padding:0 10px 30px 10px!important}}@media only screen and (max-width: 480px) {.mkd_elements_holder .mkd_elements_item_content.mkd_elements_inner_236170483{padding:0 10px 30px 10px!important}}<\/style>\n\t<div class=\"wpb_text_column wpb_content_element \">\n\t\t<div class=\"wpb_wrapper\">\n\t\t\t<h3>Calcula el teu preu<\/h3>\n<div class=\"btn_wrapper\">\n<div class=\"wpcf7 no-js\" id=\"wpcf7-f2418-o1\" lang=\"ca\" dir=\"ltr\">\n<div class=\"screen-reader-response\"><p role=\"status\" aria-live=\"polite\" aria-atomic=\"true\"><\/p> <ul><\/ul><\/div>\n<form action=\"\/estiu\/wp-json\/wp\/v2\/pages\/2416#wpcf7-f2418-o1\" method=\"post\" class=\"wpcf7-form init\" aria-label=\"Formulari de contacte\" novalidate=\"novalidate\" data-status=\"init\">\n<div style=\"display: none;\">\n<input type=\"hidden\" name=\"_wpcf7\" value=\"2418\" \/>\n<input type=\"hidden\" name=\"_wpcf7_version\" value=\"5.7.7\" \/>\n<input type=\"hidden\" name=\"_wpcf7_locale\" value=\"ca\" \/>\n<input type=\"hidden\" name=\"_wpcf7_unit_tag\" value=\"wpcf7-f2418-o1\" \/>\n<input type=\"hidden\" name=\"_wpcf7_container_post\" value=\"0\" \/>\n<input type=\"hidden\" name=\"_wpcf7_posted_data_hash\" value=\"\" \/>\n<\/div>\n<div class=\"vc_row wpb_row vc_row-fluid  \">\n\t<div class=\"vc_col-sm-6 wpb_column clr column_container  \">\n\t\t<p><label>Selecciona el casal<\/label><br \/>\n<span class=\"wpcf7-form-control-wrap\" data-name=\"casal\"><select class=\"wpcf7-form-control wpcf7-select\" id=\"casal\" aria-invalid=\"false\" name=\"casal\"><option value=\"Mirador\">Mirador<\/option><option value=\"Sant Josep\">Sant Josep<\/option><option value=\"Nou Belulla\">Nou Belulla<\/option><option value=\"City Sports\">City Sports<\/option><option value=\"El Sorrall\">El Sorrall<\/option><option value=\"Beach Club\">Beach Club<\/option><option value=\"Les Fonts\">Les Fonts<\/option><option value=\"Casa Mogent\">Casa Mogent<\/option><option value=\"Terrassasports\">Terrassasports<\/option><option value=\"Club Montcabrer\">Club Montcabrer<\/option><option value=\"N\u00e0utic Masnou\">N\u00e0utic Masnou<\/option><\/select><\/span>\n\t\t<\/p>\n\t\t<p><label>Setmanes<\/label><br \/>\n<span class=\"wpcf7-form-control-wrap\" data-name=\"semanas\"><select class=\"wpcf7-form-control wpcf7-select\" id=\"semanas\" aria-invalid=\"false\" name=\"semanas\"><option value=\"1\">1<\/option><option value=\"2\">2<\/option><option value=\"3\">3<\/option><option value=\"4\">4<\/option><option value=\"5\">5<\/option><\/select><\/span>\n\t\t<\/p>\n\t\t<p><label>Horari<\/label><br \/>\n<span class=\"wpcf7-form-control-wrap\" data-name=\"horario\"><select class=\"wpcf7-form-control wpcf7-select\" id=\"horario\" aria-invalid=\"false\" name=\"horario\"><option value=\"Matins\">Matins<\/option><option value=\"Dia Complet\">Dia Complet<\/option><\/select><\/span>\n\t\t<\/p>\n\t\t<p><label>Quans fills vols inscriure?<\/label><br \/>\n<span class=\"wpcf7-form-control-wrap\" data-name=\"hermanos\"><select class=\"wpcf7-form-control wpcf7-select\" id=\"hermanos\" aria-invalid=\"false\" name=\"hermanos\"><option value=\"1\">1<\/option><option value=\"2\">2<\/option><option value=\"3\">3<\/option><option value=\"4\">4<\/option><\/select><\/span>\n\t\t<\/p>\n\t\t<p><label>Vols segona samarreta?<\/label><br \/>\n<span class=\"wpcf7-form-control-wrap\" data-name=\"camiseta\"><span class=\"wpcf7-form-control wpcf7-radio\" id=\"camiseta\"><span class=\"wpcf7-list-item first\"><input type=\"radio\" name=\"camiseta\" value=\"No\" checked=\"checked\" \/><span class=\"wpcf7-list-item-label\">No<\/span><\/span><span class=\"wpcf7-list-item last\"><input type=\"radio\" name=\"camiseta\" value=\"Si\" \/><span class=\"wpcf7-list-item-label\">Si<\/span><\/span><\/span><\/span>\n\t\t<\/p>\n\t<\/div>\n\t<div class=\"vc_col-sm-6 wpb_column clr column_container  \">\n\t\t<p><label id=\"preu\">Preu (\u20ac)<\/label><br \/>\n<span class=\"wpcf7-form-control-wrap\" data-name=\"total1\"><input size=\"40\" class=\"wpcf7-form-control wpcf7-text\" id=\"total1\" readonly=\"readonly\" aria-invalid=\"false\" value=\"\" type=\"text\" name=\"total1\" \/><\/span>\n\t\t<\/p>\n\t\t<div id=\"total2_wrap\" style=\"display:none; margin-top:10px;\">\n\t\t\t<p><label>Preu 2n Fill (\u20ac)<\/label>\n\t\t\t<\/p>\n\t\t\t<p><span class=\"wpcf7-form-control-wrap\" data-name=\"total2\"><input size=\"40\" class=\"wpcf7-form-control wpcf7-text\" id=\"total2\" readonly=\"readonly\" aria-invalid=\"false\" value=\"\" type=\"text\" name=\"total2\" \/><\/span>\n\t\t\t<\/p>\n\t\t<\/div>\n\t\t<div id=\"total3_wrap\" style=\"display:none; margin-top:10px;\">\n\t\t\t<p><label>Preu 3er Fill (\u20ac)<\/label>\n\t\t\t<\/p>\n\t\t\t<p><span class=\"wpcf7-form-control-wrap\" data-name=\"total3\"><input size=\"40\" class=\"wpcf7-form-control wpcf7-text\" id=\"total3\" readonly=\"readonly\" aria-invalid=\"false\" value=\"\" type=\"text\" name=\"total3\" \/><\/span>\n\t\t\t<\/p>\n\t\t<\/div>\n\t\t<div id=\"total4_wrap\" style=\"display:none; margin-top:10px;\">\n\t\t\t<p><label>Preu 4rt Fill (\u20ac)<\/label>\n\t\t\t<\/p>\n\t\t\t<p><span class=\"wpcf7-form-control-wrap\" data-name=\"total4\"><input size=\"40\" class=\"wpcf7-form-control wpcf7-text\" id=\"total4\" readonly=\"readonly\" aria-invalid=\"false\" value=\"\" type=\"text\" name=\"total4\" \/><\/span>\n\t\t\t<\/p>\n\t\t<\/div>\n\t\t<div id=\"totalfinal_wrap\" style=\"display:none; margin-top:10px;\">\n\t\t\t<p><label>Preu Total (\u20ac)<\/label>\n\t\t\t<\/p>\n\t\t\t<p><span class=\"wpcf7-form-control-wrap\" data-name=\"totalfinal\"><input size=\"40\" class=\"wpcf7-form-control wpcf7-text\" id=\"totalfinal\" readonly=\"readonly\" aria-invalid=\"false\" value=\"\" type=\"text\" name=\"totalfinal\" \/><\/span>\n\t\t\t<\/p>\n\t\t<\/div>\n\t\t<div class=\"btn_wrapper\">\n\t\t\t<p><b>- 5\u00aa setmana gratu\u00efta pels nens apuntats les 4 anteriors en horari de matins.<\/b>\n\t\t\t<\/p>\n\t\t\t<p><b>- Acollida de 8 a 9 gratu\u00efta.<\/b>\n\t\t\t<\/p>\n\t\t\t<p><b>- Descompte del 5% inscrits abans del 15 d\u2019Abril.<\/b>\n\t\t\t<\/p>\n\t\t\t<p><b>- Descompte del 10% al segon germ\u00e0.<\/b>\n\t\t\t<\/p>\n\t\t\t<p><b>- Descomptes no acumulables, sempre s\u2019aplica el descompte m\u00e9s elevat.<\/b>\n\t\t\t<\/p>\n\t\t\t<p><b>- Recordeu que no est\u00e1 incl\u00f2s al preu les excursions ni els serveis de menjador dels dies d'excursi\u00f3 (dijous). En cas de voler quedar-se, podeu avisar el dia abans.<\/b>\n\t\t\t<\/p>\n\t\t\t<p><b>- Per setmanes diferents entre germans, el 10% s'aplicar\u00e0 al preu inferior.<\/b>\n\t\t\t<\/p>\n\t\t<\/div>\n\t<\/div>\n<\/div><div class=\"wpcf7-response-output\" aria-hidden=\"true\"><\/div>\n<\/form>\n<\/div>\n<\/div>\n\n\t\t<\/div> \n\t<\/div> <\/div><\/div><\/div><\/div><\/div><\/div>\n<p><\/div><\/div>\n<div      class=\"vc_row wpb_row section vc_row-fluid\" style=' padding-top:5px; padding-bottom:67px; text-align:left;'><div class=\" full_section_inner clearfix\"><div class=\"wpb_column vc_column_container vc_col-sm-12 vc_col-lg-12 vc_col-md-12 vc_col-xs-12\"><div class=\"wpb_wrapper\"><\/div><\/div><div class='mkd_elements_holder one_column responsive_mode_from_768' ><\/div><div class='mkd_elements_item vertical_alignment_middle '><div class='mkd_elements_item_inner'><div class='mkd_elements_item_content mkd_elements_inner_835968260' style='text-align:left;'><style type=\"text\/css\" data-type=\"mkd_elements-custom-padding\">@media only screen and (min-width: 768px) and (max-width: 1000px) {.mkd_elements_holder .mkd_elements_item_content.mkd_elements_inner_835968260{padding:0 0 30px 0!important}}@media only screen and (min-width: 600px) and (max-width: 768px) {.mkd_elements_holder .mkd_elements_item_content.mkd_elements_inner_835968260{padding:0 0 30px 0!important}}@media only screen and (min-width: 480px) and (max-width: 600px) {.mkd_elements_holder .mkd_elements_item_content.mkd_elements_inner_835968260{padding:0 10px 30px 10px!important}}@media only screen and (max-width: 480px) {.mkd_elements_holder .mkd_elements_item_content.mkd_elements_inner_835968260{padding:0 10px 30px 10px!important}}<\/style><\/div><\/div><\/div>\n\t<div class=\"wpb_text_column wpb_content_element \">\n\t\t<div class=\"wpb_wrapper\">\n\t\t\t\n\t\t<\/div> \n\t<\/div>\n<div id=\"preus_taula_wrap\" style=\"margin-top: 16px;\">\n<h3 id=\"preus_titol\" style=\"margin: 0 0 10px 0; font-size: 18px; line-height: 1.2;\"><\/h3>\n<div id=\"preus_nota\" style=\"margin:0 0 10px 0; display:none;\"><\/div>\n<div style=\"overflow-x: auto; -webkit-overflow-scrolling: touch;\">\n<table id=\"preus_taula\" class=\"preus-taula\">\n<thead>\n<tr>\n<th>Setmana<\/th>\n<th>De 9h a 13:30h<\/th>\n<th>De 9h a 17h<br \/>\nInclou Menjador<\/th>\n<\/tr>\n<\/thead>\n<tbody id=\"dynamic_tbody\"><\/tbody>\n<\/table>\n<\/div>\n<\/div>\n<p><\/div><\/div>\n","protected":false},"excerpt":{"rendered":"@media only screen and (min-width: 768px) and (max-width: 1000px) {.mkd_elements_holder .mkd_elements_item_content.mkd_elements_inner_1524960705{padding:0 0 30px 0!important}}@media only screen and (min-width: 600px) and (max-width: 768px) {.mkd_elements_holder .mkd_elements_item_content.mkd_elements_inner_1524960705{padding:0...","protected":false},"author":1,"featured_media":0,"parent":0,"menu_order":0,"comment_status":"open","ping_status":"closed","template":"full_width.php","meta":{"jetpack_post_was_ever_published":false,"_joinchat":[]},"jetpack_sharing_enabled":true,"jetpack_shortlink":"https:\/\/wp.me\/P7iNMK-CY","_links":{"self":[{"href":"https:\/\/esportsmagics.com\/estiu\/wp-json\/wp\/v2\/pages\/2416"}],"collection":[{"href":"https:\/\/esportsmagics.com\/estiu\/wp-json\/wp\/v2\/pages"}],"about":[{"href":"https:\/\/esportsmagics.com\/estiu\/wp-json\/wp\/v2\/types\/page"}],"author":[{"embeddable":true,"href":"https:\/\/esportsmagics.com\/estiu\/wp-json\/wp\/v2\/users\/1"}],"replies":[{"embeddable":true,"href":"https:\/\/esportsmagics.com\/estiu\/wp-json\/wp\/v2\/comments?post=2416"}],"version-history":[{"count":34,"href":"https:\/\/esportsmagics.com\/estiu\/wp-json\/wp\/v2\/pages\/2416\/revisions"}],"predecessor-version":[{"id":2424,"href":"https:\/\/esportsmagics.com\/estiu\/wp-json\/wp\/v2\/pages\/2416\/revisions\/2424"}],"wp:attachment":[{"href":"https:\/\/esportsmagics.com\/estiu\/wp-json\/wp\/v2\/media?parent=2416"}],"curies":[{"name":"wp","href":"https:\/\/api.w.org\/{rel}","templated":true}]}}