{"id":99,"date":"2015-03-19T15:38:01","date_gmt":"2015-03-19T15:38:01","guid":{"rendered":"http:\/\/demo.mikado-themes.com\/onyx22\/?page_id=98"},"modified":"2026-04-09T18:33:04","modified_gmt":"2026-04-09T18:33:04","slug":"els-centres","status":"publish","type":"page","link":"https:\/\/esportsmagics.com\/estiu\/els-centres\/","title":{"rendered":"Informaci\u00f3 dels centres"},"content":{"rendered":"<div      class=\"vc_row wpb_row section vc_row-fluid\" style=' padding-top:50px; padding-bottom:24px; text-align:left;'><div class=\" full_section_inner clearfix\"><div class=\"wpb_column vc_column_container vc_col-sm-9\"><div class=\"wpb_wrapper\">\n\t<div class=\"wpb_text_column wpb_content_element \">\n\t\t<div class=\"wpb_wrapper\">\n\t\t\t<p>Aqu\u00ed trobar\u00e0s com arribar als nostres centres. I podr\u00e0s descarregar-te el pdf informatiu de cada centre.<\/p>\n<p>Si vols posar-te en contacte amb nosaltres pots trucar al <strong>666 814 054<\/strong> o ompla clica sobre el seg\u00fcent <strong><a href=\"\/estiu\/contacte\/\">formulari<\/a><\/strong>.<\/p>\n\n\t\t<\/div> \n\t<\/div>     <div class=\"vc_empty_space\"  style=\"height: 32px\" ><span class=\"vc_empty_space_inner\"><div class=\"empty_space_image\"\n                 ><\/div>\n<\/span><\/div>\n\n\n\t<div class=\"wpb_text_column wpb_content_element \">\n\t\t<div class=\"wpb_wrapper\">\n\t\t\t<p><big>PISCINES EL MIRADOR |<\/big> <strong>Urbanitzaci\u00f3 Del Mirador, Avinguda del Mirador del Motnseny, 253 (C\u00e0noves i Samal\u00fas)<\/strong><\/p>\n<p>Clica <strong><span style=\"text-decoration: underline;\"><a style=\"color: #ff0000; text-decoration: underline;\" href=\"https:\/\/goo.gl\/maps\/HpvcnsFdApR2\" target=\"_blank\" rel=\"noopener\">AQU\u00cd<\/a><\/span><\/strong>\u00a0per veure la ubicaci\u00f3 del centre.<\/p>\n<p>Clica\u00a0<span style=\"text-decoration: underline; color: #ff0000;\"><strong><span style=\"text-decoration: underline;\"><a style=\"color: #ff0000; text-decoration: underline;\" href=\"https:\/\/esportsmagics.com\/estiu\/wp-content\/uploads\/2026\/03\/ESPORTS-MAGICS-Valles-Oriental-2026.pdf\" target=\"_blank\" rel=\"noopener\">AQU\u00cd<\/a><\/span><\/strong><\/span>\u00a0per veure el d\u00edptic informatiu.<\/p>\n\n\t\t<\/div> \n\t<\/div> <div class=\"separator  small left  \" style=\"border-color: #0091d4;margin-top:10px;margin-bottom:31px\"><\/div>\n    <div class=\"vc_empty_space\"  style=\"height: 52px\" ><span class=\"vc_empty_space_inner\"><div class=\"empty_space_image\"\n                 ><\/div>\n<\/span><\/div>\n\n\n\t<div class=\"wpb_text_column wpb_content_element \">\n\t\t<div class=\"wpb_wrapper\">\n\t\t\t<p><big>SANT JOSEP |<\/big> <strong>Urbanitzaci\u00f3 Sant Josep: Carrer de la Petnaca, s\/n (Cardedeu &#8211; Llinars del Vall\u00e8s)<\/strong><\/p>\n<p>Clica <span style=\"text-decoration: underline;\"><strong><a style=\"color: #ff0000; text-decoration: underline;\" href=\"https:\/\/goo.gl\/maps\/bCnT3G4JsEr\" target=\"_blank\" rel=\"noopener\">AQU\u00cd<\/a><\/strong><\/span> per veure la ubicaci\u00f3 del centre.<\/p>\n<p>Clica <span style=\"text-decoration: underline; color: #ff0000;\"><strong><span style=\"text-decoration: underline;\"><a style=\"color: #ff0000; text-decoration: underline;\" href=\"https:\/\/esportsmagics.com\/estiu\/wp-content\/uploads\/2026\/03\/ESPORTS-MAGICS-Valles-Oriental-2026.pdf\" target=\"_blank\" rel=\"noopener\">AQU\u00cd<\/a><\/span><\/strong><\/span> per veure el d\u00edptic informatiu.<\/p>\n\n\t\t<\/div> \n\t<\/div> <div class=\"separator  small left  \" style=\"border-color: #0091d4;margin-top:10px;margin-bottom:31px\"><\/div>\n    <div class=\"vc_empty_space\"  style=\"height: 52px\" ><span class=\"vc_empty_space_inner\"><div class=\"empty_space_image\"\n                 ><\/div>\n<\/span><\/div>\n\n\n\t<div class=\"wpb_text_column wpb_content_element \">\n\t\t<div class=\"wpb_wrapper\">\n\t\t\t<p><big>CASA MOGENT |<\/big> <strong>C-35 Km. 100. (Llinars del Vall\u00e8s)<\/strong><\/p>\n<p>Clica <span style=\"text-decoration: underline;\"><strong><a style=\"color: #ff0000; text-decoration: underline;\" href=\"https:\/\/maps.app.goo.gl\/CnXZLMfoCi31kpDQ8\" target=\"_blank\" rel=\"noopener\">AQU\u00cd<\/a><\/strong><\/span> per veure la ubicaci\u00f3 del centre.<\/p>\n<p>Clica <span style=\"text-decoration: underline; color: #ff0000;\"><strong><span style=\"text-decoration: underline;\"><a style=\"color: #ff0000; text-decoration: underline;\" href=\"https:\/\/esportsmagics.com\/estiu\/wp-content\/uploads\/2026\/03\/ESPORTS-MAGICS-Valles-Oriental-2026.pdf\" target=\"_blank\" rel=\"noopener\">AQU\u00cd<\/a><\/span><\/strong><\/span> per veure el d\u00edptic informatiu.<\/p>\n\n\t\t<\/div> \n\t<\/div> <div class=\"separator  small left  \" style=\"border-color: #0091d4;margin-top:10px;margin-bottom:31px\"><\/div>\n    <div class=\"vc_empty_space\"  style=\"height: 52px\" ><span class=\"vc_empty_space_inner\"><div class=\"empty_space_image\"\n                 ><\/div>\n<\/span><\/div>\n\n\n\t<div class=\"wpb_text_column wpb_content_element \">\n\t\t<div class=\"wpb_wrapper\">\n\t\t\t<p><big>CAN BOSC<\/big><big>\u00a0| <\/big><strong>Carrer Osona, 2 (Santa Maria de Palautordera &#8211; Vilalba Sasserra)<\/strong><\/p>\n<p>Clica <span style=\"text-decoration: underline;\"><strong><a style=\"color: #ff0000; text-decoration: underline;\" href=\"https:\/\/maps.app.goo.gl\/H3hdZ7RM8RoXbEUaA\" target=\"_blank\" rel=\"noopener\">AQU\u00cd<\/a><\/strong><\/span> per veure la ubicaci\u00f3 del centre.<\/p>\n<p>Clica\u00a0<span style=\"text-decoration: underline; color: #ff0000;\"><strong><span style=\"text-decoration: underline;\"><a style=\"color: #ff0000; text-decoration: underline;\" href=\"https:\/\/esportsmagics.com\/estiu\/wp-content\/uploads\/2025\/02\/ESPORTS-MAGICS-Valles-Oriental-2025.pdf\" target=\"_blank\" rel=\"noopener\">AQU\u00cd<\/a><\/span><\/strong><\/span>\u00a0per veure el d\u00edptic informatiu.<\/p>\n\n\t\t<\/div> \n\t<\/div> <div class=\"separator  small left  \" style=\"border-color: #0091d4;margin-top:10px;margin-bottom:31px\"><\/div>\n    <div class=\"vc_empty_space\"  style=\"height: 52px\" ><span class=\"vc_empty_space_inner\"><div class=\"empty_space_image\"\n                 ><\/div>\n<\/span><\/div>\n\n\n\t<div class=\"wpb_text_column wpb_content_element \">\n\t\t<div class=\"wpb_wrapper\">\n\t\t\t<p><big>EUROFITNESS EL SORRALL |<\/big> <strong>Ronda President Tarradellas, 103 (Matar\u00f3)<\/strong><\/p>\n<p>Clica <span style=\"text-decoration: underline;\"><strong><a style=\"color: #ff0000; text-decoration: underline;\" href=\"https:\/\/goo.gl\/maps\/A4M3STCNnQP2\" target=\"_blank\" rel=\"noopener\">AQU\u00cd<\/a><\/strong><\/span> per veure la ubicaci\u00f3 del centre.<\/p>\n<p>Clica\u00a0<span style=\"text-decoration: underline; color: #ff0000;\"><strong><span style=\"text-decoration: underline;\"><a style=\"color: #ff0000; text-decoration: underline;\" href=\"https:\/\/esportsmagics.com\/estiu\/wp-content\/uploads\/2026\/03\/ESPORTS-MAGICS-Maresme-2026.pdf\" target=\"_blank\" rel=\"noopener\">AQU\u00cd<\/a><\/span><\/strong><\/span>\u00a0per veure el d\u00edptic informatiu.<\/p>\n\n\t\t<\/div> \n\t<\/div> <div class=\"separator  small left  \" style=\"border-color: #0091d4;margin-top:10px;margin-bottom:31px\"><\/div>\n    <div class=\"vc_empty_space\"  style=\"height: 52px\" ><span class=\"vc_empty_space_inner\"><div class=\"empty_space_image\"\n                 ><\/div>\n<\/span><\/div>\n\n\n\t<div class=\"wpb_text_column wpb_content_element \">\n\t\t<div class=\"wpb_wrapper\">\n\t\t\t<p><big>CLUB MONTCABRER |<\/big> <strong>Carrer de Can Rold\u00f2s 8. (Cabrils)<\/strong><\/p>\n<p>Clica <span style=\"text-decoration: underline;\"><strong><a style=\"color: #ff0000; text-decoration: underline;\" href=\"https:\/\/maps.app.goo.gl\/7jugbu5HJfHqs7st7\" target=\"_blank\" rel=\"noopener\">AQU\u00cd<\/a><\/strong><\/span> per veure la ubicaci\u00f3 del centre.<\/p>\n<p>Clica <span style=\"text-decoration: underline; color: #ff0000;\"><strong><span style=\"text-decoration: underline;\"><a style=\"color: #ff0000; text-decoration: underline;\" href=\"https:\/\/esportsmagics.com\/estiu\/wp-content\/uploads\/2026\/03\/ESPORTS-MAGICS-Maresme-2026.pdf\" target=\"_blank\" rel=\"noopener\">AQU\u00cd<\/a><\/span><\/strong><\/span> per veure el d\u00edptic informatiu.<\/p>\n\n\t\t<\/div> \n\t<\/div> <div class=\"separator  small left  \" style=\"border-color: #0091d4;margin-top:10px;margin-bottom:31px\"><\/div>\n    <div class=\"vc_empty_space\"  style=\"height: 52px\" ><span class=\"vc_empty_space_inner\"><div class=\"empty_space_image\"\n                 ><\/div>\n<\/span><\/div>\n\n\n\t<div class=\"wpb_text_column wpb_content_element \">\n\t\t<div class=\"wpb_wrapper\">\n\t\t\t<p><big>N\u00c0UTIC MASNOU |<\/big> <strong>Passeig Maritim s\/n. (El Masnou)<\/strong><\/p>\n<p>Clica <span style=\"text-decoration: underline;\"><strong><a style=\"color: #ff0000; text-decoration: underline;\" href=\"https:\/\/maps.app.goo.gl\/nZiYNZMeM7Z3MjMx5\" target=\"_blank\" rel=\"noopener\">AQU\u00cd<\/a><\/strong><\/span> per veure la ubicaci\u00f3 del centre.<\/p>\n<p>Clica <span style=\"text-decoration: underline; color: #ff0000;\"><strong><span style=\"text-decoration: underline;\"><a style=\"color: #ff0000; text-decoration: underline;\" href=\"https:\/\/esportsmagics.com\/estiu\/wp-content\/uploads\/2026\/03\/ESPORTS-MAGICS-Maresme-2026.pdf\" target=\"_blank\" rel=\"noopener\">AQU\u00cd<\/a><\/span><\/strong><\/span> per veure el d\u00edptic informatiu.<\/p>\n\n\t\t<\/div> \n\t<\/div> <div class=\"separator  small left  \" style=\"border-color: #0091d4;margin-top:10px;margin-bottom:31px\"><\/div>\n    <div class=\"vc_empty_space\"  style=\"height: 52px\" ><span class=\"vc_empty_space_inner\"><div class=\"empty_space_image\"\n                 ><\/div>\n<\/span><\/div>\n\n\n\t<div class=\"wpb_text_column wpb_content_element \">\n\t\t<div class=\"wpb_wrapper\">\n\t\t\t<p><big>BEACH CLUB |<\/big> <strong>Nacional II, Km 649 (Matar\u00f3)<\/strong><\/p>\n<p>Clica <span style=\"text-decoration: underline;\"><strong><a style=\"color: #ff0000; text-decoration: underline;\" href=\"https:\/\/goo.gl\/maps\/m7D9tFZnsLfy8Wkc9\" target=\"_blank\" rel=\"noopener\">AQU\u00cd<\/a><\/strong><\/span> per veure la ubicaci\u00f3 del centre.<\/p>\n<p>Clica\u00a0<span style=\"text-decoration: underline; color: #ff0000;\"><strong><span style=\"text-decoration: underline;\"><a style=\"color: #ff0000; text-decoration: underline;\" href=\"https:\/\/esportsmagics.com\/estiu\/wp-content\/uploads\/2026\/03\/ESPORTS-MAGICS-Maresme-2026.pdf\" target=\"_blank\" rel=\"noopener\">AQU\u00cd<\/a><\/span><\/strong><\/span>\u00a0per veure el d\u00edptic informatiu.<\/p>\n\n\t\t<\/div> \n\t<\/div> <div class=\"separator  small left  \" style=\"border-color: #0091d4;margin-top:10px;margin-bottom:31px\"><\/div>\n    <div class=\"vc_empty_space\"  style=\"height: 52px\" ><span class=\"vc_empty_space_inner\"><div class=\"empty_space_image\"\n                 ><\/div>\n<\/span><\/div>\n\n\n\t<div class=\"wpb_text_column wpb_content_element \">\n\t\t<div class=\"wpb_wrapper\">\n\t\t\t<p><big>NOU BELULLA |<\/big> <strong>Carrer Rupit, 17 (Canovelles)<\/strong><\/p>\n<p>Clica <span style=\"text-decoration: underline;\"><strong><a style=\"color: #ff0000; text-decoration: underline;\" href=\"https:\/\/maps.app.goo.gl\/JtHc543myPTVM1CY8\" target=\"_blank\" rel=\"noopener\">AQU\u00cd<\/a><\/strong><\/span> per veure la ubicaci\u00f3 del centre.<\/p>\n<p>Clica <span style=\"text-decoration: underline; color: #ff0000;\"><strong><span style=\"text-decoration: underline;\"><a style=\"color: #ff0000; text-decoration: underline;\" href=\"https:\/\/esportsmagics.com\/estiu\/wp-content\/uploads\/2026\/03\/ESPORTS-MAGICS-Valles-Oriental-2026.pdf\" target=\"_blank\" rel=\"noopener\">AQU\u00cd<\/a><\/span><\/strong><\/span> per veure el d\u00edptic informatiu.<\/p>\n\n\t\t<\/div> \n\t<\/div> <div class=\"separator  small left  \" style=\"border-color: #0091d4;margin-top:10px;margin-bottom:31px\"><\/div>\n    <div class=\"vc_empty_space\"  style=\"height: 52px\" ><span class=\"vc_empty_space_inner\"><div class=\"empty_space_image\"\n                 ><\/div>\n<\/span><\/div>\n\n\n\t<div class=\"wpb_text_column wpb_content_element \">\n\t\t<div class=\"wpb_wrapper\">\n\t\t\t<p><big>CITY SPORTS |<\/big>\u00a0<strong>Carrer del club, 10 (Ametlla del Vall\u00e8s)<\/strong><\/p>\n<p>Clica\u00a0<span style=\"text-decoration: underline;\"><strong><a style=\"color: #ff0000; text-decoration: underline;\" href=\"https:\/\/g.page\/citysportsametlla?share\" target=\"_blank\" rel=\"noopener\">AQU\u00cd<\/a><\/strong><\/span>\u00a0per veure la ubicaci\u00f3 del centre.<\/p>\n<p>Clica\u00a0<span style=\"text-decoration: underline; color: #ff0000;\"><strong><span style=\"text-decoration: underline;\"><a style=\"color: #ff0000; text-decoration: underline;\" href=\"https:\/\/esportsmagics.com\/estiu\/wp-content\/uploads\/2026\/03\/ESPORTS-MAGICS-Valles-Oriental-2026.pdf\" target=\"_blank\" rel=\"noopener\">AQU\u00cd<\/a><\/span><\/strong><\/span>\u00a0per veure el d\u00edptic informatiu.<\/p>\n\n\t\t<\/div> \n\t<\/div> <div class=\"separator  small left  \" style=\"border-color: #0091d4;margin-top:10px;margin-bottom:31px\"><\/div>\n    <div class=\"vc_empty_space\"  style=\"height: 52px\" ><span class=\"vc_empty_space_inner\"><div class=\"empty_space_image\"\n                 ><\/div>\n<\/span><\/div>\n\n\n\t<div class=\"wpb_text_column wpb_content_element \">\n\t\t<div class=\"wpb_wrapper\">\n\t\t\t<p><big>CLUB LES FONTS | <\/big><strong>Carrer del Mos\u00e9n Perramon, 1 (Terrassa)<\/strong><\/p>\n<p>Clica <span style=\"text-decoration: underline;\"><strong><a style=\"color: #ff0000; text-decoration: underline;\" href=\"https:\/\/goo.gl\/maps\/7jhiStu5xpeAZnoA8\" target=\"_blank\" rel=\"noopener\">AQU\u00cd<\/a><\/strong><\/span> per veure la ubicaci\u00f3 del centre.<\/p>\n<p>Clica\u00a0<a href=\"https:\/\/esportsmagics.com\/estiu\/wp-content\/uploads\/2026\/03\/ESPORTS-MAGICS-Terrassa-2026.pdf\"><span style=\"text-decoration: underline; color: #ff0000;\"><strong><span style=\"text-decoration: underline;\">AQU\u00cd<\/span><\/strong><\/span>\u00a0<\/a>per veure el d\u00edptic informatiu.<\/p>\n\n\t\t<\/div> \n\t<\/div> <div class=\"separator  small left  \" style=\"border-color: #0091d4;margin-top:10px;margin-bottom:31px\"><\/div>\n    <div class=\"vc_empty_space\"  style=\"height: 52px\" ><span class=\"vc_empty_space_inner\"><div class=\"empty_space_image\"\n                 ><\/div>\n<\/span><\/div>\n\n\n\t<div class=\"wpb_text_column wpb_content_element \">\n\t\t<div class=\"wpb_wrapper\">\n\t\t\t<p><big>CLUB FONT MARTINA | <\/big><strong>Passeig de les escoles s\/n. (Santa Maria Palautordera)<\/strong><\/p>\n<p>Clica <span style=\"text-decoration: underline;\"><strong><a style=\"color: #ff0000; text-decoration: underline;\" href=\"https:\/\/www.google.com\/maps\/place\/Club+de+Tenis+Font+Martina\/@41.69941,2.4430163,17z\/data=!3m1!4b1!4m5!3m4!1s0x12a4cd21144caf6f:0x1fea219574f2b930!8m2!3d41.69941!4d2.445205\" target=\"_blank\" rel=\"noopener\">AQU\u00cd<\/a><\/strong><\/span> per veure la ubicaci\u00f3 del centre.<\/p>\n<p>Clica\u00a0<span style=\"text-decoration: underline; color: #ff0000;\"><strong><span style=\"text-decoration: underline;\"><a style=\"color: #ff0000; text-decoration: underline;\" href=\"https:\/\/esportsmagics.com\/estiu\/wp-content\/uploads\/2025\/02\/ESPORTS-MAGICS-Valles-Oriental-2025.pdf\" target=\"_blank\" rel=\"noopener\">AQU\u00cd<\/a><\/span><\/strong><\/span>\u00a0per veure el d\u00edptic informatiu.<\/p>\n\n\t\t<\/div> \n\t<\/div> <div class=\"separator  small left  \" style=\"border-color: #0091d4;margin-top:10px;margin-bottom:31px\"><\/div>\n<\/div><\/div><\/div><\/div><div      class=\"vc_row wpb_row section vc_row-fluid\" style=' padding-top:35px; padding-bottom:35px; text-align:left;'><div class=\" full_section_inner clearfix\"><div class=\"wpb_column vc_column_container vc_col-sm-12\"><div class=\"wpb_wrapper\"><div class='joanra mkd_carousels_holder clearfix '><div class='mkd_carousels'  data-number_of_items='5'><ul class='slides'><li class='item'><div class=\"carousel_item_holder\" ><div class=\"carousel_item_holder_inner\" ><a href='http:\/\/www.canovesisamalus.cat\/' target='_blank'><span class='first_image_holder has_hover_image'><img src='http:\/\/esportsmagics.com\/estiu\/wp-content\/uploads\/2016\/02\/carrusel1off-1.png' alt='Ajuntament de C\u00e0noves'><\/span><span class='second_image_holder has_hover_image'><img src='http:\/\/esportsmagics.com\/estiu\/wp-content\/uploads\/2016\/02\/carrusel1-1.png' alt='Ajuntament de C\u00e0noves'><\/span><\/a><\/div><\/div><\/li><li class='item'><div class=\"carousel_item_holder\" ><div class=\"carousel_item_holder_inner\" ><a href='https:\/\/www.facebook.com\/Padel-El-Mirador-720413564643674\/' target='_blank'><span class='first_image_holder has_hover_image'><img src='http:\/\/esportsmagics.com\/estiu\/wp-content\/uploads\/2016\/02\/padeloff.png' alt='P\u00e0del El Mirador'><\/span><span class='second_image_holder has_hover_image'><img src='http:\/\/esportsmagics.com\/estiu\/wp-content\/uploads\/2016\/02\/padel.png' alt='P\u00e0del El Mirador'><\/span><\/a><\/div><\/div><\/li><li class='item'><div class=\"carousel_item_holder\" ><div class=\"carousel_item_holder_inner\" ><a href='#' target='_self'><span class='first_image_holder has_hover_image'><img src='http:\/\/esportsmagics.com\/estiu\/wp-content\/uploads\/2016\/02\/santjosepoff.png' alt='Sant Josep'><\/span><span class='second_image_holder has_hover_image'><img src='http:\/\/esportsmagics.com\/estiu\/wp-content\/uploads\/2016\/02\/santjosep.png' alt='Sant Josep'><\/span><\/a><\/div><\/div><\/li><li class='item'><div class=\"carousel_item_holder\" ><div class=\"carousel_item_holder_inner\" ><a href='https:\/\/elsorrall.eurofitness.com\/' target='_blank'><span class='first_image_holder has_hover_image'><img src='http:\/\/esportsmagics.com\/estiu\/wp-content\/uploads\/2016\/02\/carrusel4.png' alt='Eurofitness'><\/span><span class='second_image_holder has_hover_image'><img src='http:\/\/esportsmagics.com\/estiu\/wp-content\/uploads\/2016\/02\/carrusel4off.png' alt='Eurofitness'><\/span><\/a><\/div><\/div><\/li><li class='item'><div class=\"carousel_item_holder\" ><div class=\"carousel_item_holder_inner\" ><a href='#' target='_self'><span class='first_image_holder has_hover_image'><img src='http:\/\/esportsmagics.com\/estiu\/wp-content\/uploads\/2016\/02\/carrusel6off-1.png' alt='Bar El Mirador'><\/span><span class='second_image_holder has_hover_image'><img src='http:\/\/esportsmagics.com\/estiu\/wp-content\/uploads\/2016\/02\/carrusel6-1.png' alt='Bar El Mirador'><\/span><\/a><\/div><\/div><\/li><li class='item'><div class=\"carousel_item_holder\" ><div class=\"carousel_item_holder_inner\" ><a href='#' target='_self'><span class='first_image_holder has_hover_image'><img src='http:\/\/esportsmagics.com\/estiu\/wp-content\/uploads\/2016\/02\/carrusel2off.png' alt='Esports M\u00e0gics'><\/span><span class='second_image_holder has_hover_image'><img src='http:\/\/esportsmagics.com\/estiu\/wp-content\/uploads\/2016\/02\/carrusel2.png' alt='Esports M\u00e0gics'><\/span><\/a><\/div><\/div><\/li><li class='item'><div class=\"carousel_item_holder\" ><div class=\"carousel_item_holder_inner\" ><a href='https:\/\/agora.xtec.cat\/ies-argentona\/' target='_self'><span class='first_image_holder has_hover_image'><img src='http:\/\/esportsmagics.com\/estiu\/wp-content\/uploads\/2020\/02\/logoPOLIT-4.jpg' alt='IES Argentona'><\/span><span class='second_image_holder has_hover_image'><img src='http:\/\/esportsmagics.com\/estiu\/wp-content\/uploads\/2020\/02\/logoPOLIT-4.jpg' alt='IES Argentona'><\/span><\/a><\/div><\/div><\/li><li class='item'><div class=\"carousel_item_holder\" ><div class=\"carousel_item_holder_inner\" ><a href='http:\/\/citysports.cat\/' target='_self'><span class='first_image_holder has_hover_image'><img src='http:\/\/esportsmagics.com\/estiu\/wp-content\/uploads\/2020\/02\/city-logo-blau-5.png' alt='City Sports'><\/span><span class='second_image_holder has_hover_image'><img src='http:\/\/esportsmagics.com\/estiu\/wp-content\/uploads\/2020\/02\/city-logo-blau-5.png' alt='City Sports'><\/span><\/a><\/div><\/div><\/li><li class='item'><div class=\"carousel_item_holder\" ><div class=\"carousel_item_holder_inner\" ><a href='https:\/\/mogent.maristes.cat\/ca' target='_blank'><span class='first_image_holder has_hover_image'><img src='http:\/\/esportsmagics.com\/estiu\/wp-content\/uploads\/2024\/01\/Casa-Mogent-logo.jpeg' alt='Casa Mogent'><\/span><span class='second_image_holder has_hover_image'><img src='http:\/\/esportsmagics.com\/estiu\/wp-content\/uploads\/2024\/01\/Casa-Mogent-logo.jpeg' alt='Casa Mogent'><\/span><\/a><\/div><\/div><\/li><li class='item'><div class=\"carousel_item_holder\" ><div class=\"carousel_item_holder_inner\" ><a href='http:\/\/www.ctmontnegre.com\/#1' target='_self'><span class='first_image_holder '><img src='http:\/\/esportsmagics.com\/estiu\/wp-content\/uploads\/2024\/02\/montnegre_logo.png' alt='Mont negre'><\/span><\/a><\/div><\/div><\/li><\/ul><\/div><\/div><\/div><\/div><\/div><\/div><div      class=\"vc_row wpb_row section vc_row-fluid\" style=' text-align:left;'><div class=\" full_section_inner clearfix\"><div class=\"wpb_column vc_column_container vc_col-sm-12\"><div class=\"wpb_wrapper\"><\/div><\/div><\/div><\/div><div      class=\"vc_row wpb_row section vc_row-fluid\" style=' text-align:left;'><div class=\" full_section_inner clearfix\"><div class=\"wpb_column vc_column_container vc_col-sm-12\"><div class=\"wpb_wrapper\"><\/div><\/div><\/div><\/div><div      class=\"vc_row wpb_row section vc_row-fluid\" style=' text-align:left;'><div class=\" full_section_inner clearfix\"><div class=\"wpb_column vc_column_container vc_col-sm-12\"><div class=\"wpb_wrapper\"><\/div><\/div><\/div><\/div><div      class=\"vc_row wpb_row section vc_row-fluid\" style=' text-align:left;'><div class=\" full_section_inner clearfix\"><div class=\"wpb_column vc_column_container vc_col-sm-12\"><div class=\"wpb_wrapper\"><\/div><\/div><\/div><\/div>\n","protected":false},"excerpt":{"rendered":"","protected":false},"author":1,"featured_media":0,"parent":0,"menu_order":0,"comment_status":"open","ping_status":"closed","template":"full_width.php","meta":{"jetpack_post_was_ever_published":false,"_joinchat":[]},"jetpack_sharing_enabled":true,"jetpack_shortlink":"https:\/\/wp.me\/P7iNMK-1B","_links":{"self":[{"href":"https:\/\/esportsmagics.com\/estiu\/wp-json\/wp\/v2\/pages\/99"}],"collection":[{"href":"https:\/\/esportsmagics.com\/estiu\/wp-json\/wp\/v2\/pages"}],"about":[{"href":"https:\/\/esportsmagics.com\/estiu\/wp-json\/wp\/v2\/types\/page"}],"author":[{"embeddable":true,"href":"https:\/\/esportsmagics.com\/estiu\/wp-json\/wp\/v2\/users\/1"}],"replies":[{"embeddable":true,"href":"https:\/\/esportsmagics.com\/estiu\/wp-json\/wp\/v2\/comments?post=99"}],"version-history":[{"count":112,"href":"https:\/\/esportsmagics.com\/estiu\/wp-json\/wp\/v2\/pages\/99\/revisions"}],"predecessor-version":[{"id":2505,"href":"https:\/\/esportsmagics.com\/estiu\/wp-json\/wp\/v2\/pages\/99\/revisions\/2505"}],"wp:attachment":[{"href":"https:\/\/esportsmagics.com\/estiu\/wp-json\/wp\/v2\/media?parent=99"}],"curies":[{"name":"wp","href":"https:\/\/api.w.org\/{rel}","templated":true}]}}